NOAA-Style Climate Reports

Select a Year or Month report
2017: Jan Feb Mar Apr May Jun Jul Aug Sep Oct Nov Dec
2016: Jan Feb Mar Apr May Jun Jul Aug Sep Oct Nov Dec
2015: Jan Feb Mar Apr May Jun Jul Aug Sep Oct Nov Dec

Report for 2017 November
                   Monthly Climatological Summary for Nov 2017

Name: Stoneybrook South   City: Omaha   State: NE
Elevation: 1160 ft  Lat: N 41 11 25   Lon: W 096 07 49

                  Temperature (°F), Rain (in), Wind Speed (mph)

                                      Heat  Cool        Avg
    Mean                              Deg   Deg         Wind                 Dom
Day Temp  High   Time   Low    Time   Days  Days  Rain  Speed High   Time    Dir
----------------------------------------------------------------------------------
01  39.5  46.5  2:01PM  30.6 12:20AM  25.5   0.0  0.00   6.2  24.0 11:28AM   SSE
02  46.0  54.9  3:31PM  36.9 11:25PM  18.9   0.0  0.00   4.1  23.0  9:15AM     N
03  39.8  47.8  5:32PM  30.9  8:06AM  25.2   0.0  0.00   3.7  16.0  1:11AM    NE
04  46.7  53.3  4:44PM  43.8  7:12AM  18.3   0.0  0.00   1.4  12.0  3:07PM   SSE
05  41.8  48.0  1:40PM  31.1 11:00PM  24.2   0.0  0.00   3.0  18.0 10:45AM   NNW
06  34.7  44.0  2:24PM  27.8  6:58AM  30.3   0.0  0.00   3.1  13.0  3:15PM    NE
07  36.0  45.3  3:30PM  27.8 11:57PM  29.0   0.0  0.00   1.6  10.0  4:02AM   NNE
08  36.8  52.0  2:44PM  23.4  6:10AM  28.2   0.0  0.00   2.6  19.0  2:18PM     S
09  32.0  39.1  2:40AM  24.2 11:57PM  33.0   0.0  0.00   3.8  20.0 11:03AM     N
10  26.7  35.1 11:57PM  19.3  5:35AM  38.3   0.0  0.00   5.6  20.0  6:48PM   ESE
11  40.4  44.5  3:31PM  35.0 12:00AM  24.6   0.0  0.00   2.8  18.0 12:08AM    SE
12  41.4  52.1  2:51PM  29.5 11:52PM  23.6   0.0  0.02   0.9  10.0  9:17AM   NNW
13  38.3  44.0 11:29PM  27.5  3:38AM  26.7   0.0  0.00   4.1  22.0 11:12AM   SSE
14  50.1  54.8  2:42PM  43.8 12:03AM  14.9   0.0  0.00   3.6  22.0 12:55PM   SSE
15  43.3  52.2 12:02PM  30.1 11:54PM  21.7   0.0  0.00   2.9  21.0 11:24AM    NW
16  36.0  47.9  3:01PM  24.9  5:20AM  29.0   0.0  0.00   4.8  20.0  2:16PM    SE
17  51.8  61.8  2:16PM  39.6 12:19AM  13.2   0.0  0.00   4.1  19.0 10:50PM    SE
18  40.1  49.5  1:58PM  30.8 11:56PM  24.9   0.0  0.13   4.4  28.0 11:14AM    NW
19  37.8  55.4  3:34PM  22.9  7:31AM  27.2   0.0  0.00   3.0  21.0  3:04PM     S
20  45.3  58.1  2:58PM  36.0  5:07AM  19.6   0.0  0.00   4.4  24.0 12:18PM     S
21  33.5  44.3  4:05AM  20.7 11:59PM  31.5   0.0  0.00   4.4  33.0  9:38AM    NW
22  28.7  42.1  3:42PM  14.2  7:35AM  36.3   0.0  0.00   4.0  22.0 10:33AM     S
23  46.7  63.4  3:07PM  30.3  2:10AM  18.2   0.0  0.00   1.7  12.0  2:52PM     S
24  56.4  71.5 12:15PM  41.4 11:59PM   9.5   0.8  0.00   5.0  30.0  1:28PM   WSW
25  43.5  60.2  2:14PM  31.0  7:50AM  21.5   0.0  0.00   1.3  14.0  1:52PM   WSW
26  44.3  61.4  3:52PM  33.2  4:34AM  20.7   0.0  0.00   1.2  14.0 10:32AM     S
27  50.8  69.0  2:43PM  35.9  3:22AM  14.6   0.3  0.00   3.6  18.0  1:55PM   SSE
28  48.1  56.6  3:03PM  34.1 11:32PM  16.9   0.0  0.00   3.6  21.0  9:40AM   NNW
29  37.1  50.5  1:53PM  23.5  7:44AM  27.9   0.0  0.00   2.7  20.0  2:00PM   SSE
30  41.9  57.2  2:24PM  28.1  7:26AM  23.1   0.0  0.00   2.3  20.0 12:41AM     W
----------------------------------------------------------------------------------
    41.2  71.5    24    14.2    22   716.5   1.1  0.15   3.3  33.0    21     SSE

Max >=  80.0  0
Max <=  32.0  0
Min <=  32.0 20
Min <=   0.0  0
Max Rain: 0.13 on day 18
Days of Rain: 2 (>= 0.01 in)  2 (>= 0.01 in)  0 (>= 1.00 in)
Heat Base: 65.0  Cool Base: 65.0  Method: Integration