NOAA-Style Climate Reports

Select a Year or Month report
2019: Jan Feb Mar Apr May Jun Jul Aug Sep Oct Nov Dec
2018: Jan Feb Mar Apr May Jun Jul Aug Sep Oct Nov Dec
2017: Jan Feb Mar Apr May Jun Jul Aug Sep Oct Nov Dec
2016: Jan Feb Mar Apr May Jun Jul Aug Sep Oct Nov Dec
2015: Jan Feb Mar Apr May Jun Jul Aug Sep Oct Nov Dec

Report for 2019 January
                   Monthly Climatological Summary for Jan 2019

Name: Stoneybrook South   City: Omaha   State: NE
Elevation: 1160 ft  Lat: N 41 11 25   Lon: W 096 07 49

                  Temperature (°F), Rain (in), Wind Speed (mph)

                                      Heat  Cool        Avg
    Mean                              Deg   Deg         Wind                 Dom
Day Temp  High   Time   Low    Time   Days  Days  Rain  Speed High   Time    Dir
----------------------------------------------------------------------------------
01   8.8  13.8 11:59PM   4.1  8:19AM  56.2   0.0  0.00   3.0  21.0  1:49AM    NW
02  24.3  35.7  3:22PM  13.8 12:00AM  40.7   0.0  0.00   4.7  21.0  9:43AM   SSW
03  35.5  54.5  2:53PM  21.7  2:54AM  29.5   0.0  0.00   2.9  19.0  2:23PM   SSW
04  37.3  54.2  3:38PM  26.0  6:08AM  27.7   0.0  0.00   1.1  10.0  1:25PM     W
05  40.6  56.6  2:39PM  29.5  5:03AM  24.4   0.0  0.00   0.8   7.0  1:51AM     W
06  43.8  50.9  2:53PM  37.8  6:38AM  21.2   0.0  0.00   5.4  24.0 11:17AM   ESE
07  45.5  54.4  1:42PM  39.2  8:31AM  19.5   0.0  0.00   3.5  24.0 11:17PM   WSW
08  40.2  47.4  1:29PM  32.6 11:15PM  24.8   0.0  0.00   6.5  29.0  3:28AM   WNW
09  27.8  33.2 12:00AM  23.4  8:04AM  37.2   0.0  0.00   3.3  21.0  4:00AM    NW
10  27.3  37.4  3:38PM  19.7  7:00AM  37.7   0.0  0.00   4.0  20.0 11:36AM    SE
11  32.5  37.5  3:23PM  26.5  3:04AM  32.5   0.0  0.00   1.2   8.0  5:43PM   ENE
12  30.7  32.3 12:00AM  29.2  9:51AM  34.4   0.0  0.03   0.4   9.0  3:37AM   NNE
13  28.7  33.3  2:32PM  23.0  9:06PM  36.3   0.0  0.12   1.1  13.0 11:30PM   SSW
14  29.8  32.3  8:12PM  26.6 12:57AM  35.2   0.0  0.15   4.7  18.0  7:06AM   SSW
15  31.7  32.6  2:39PM  30.1 11:56PM  33.3   0.0  0.03   3.7  17.0 11:11AM   SSW
16  25.8  30.2 12:00AM  23.2  7:44PM  39.2   0.0  0.00   2.7  15.0  1:18AM    NE
17  27.5  31.2  3:54PM  22.9  1:45AM  37.5   0.0  0.02   0.8   8.0 10:04PM   NNE
18  23.7  28.5 12:00AM  14.3 11:50PM  41.3   0.0  0.00   5.2  21.0  1:07PM    NE
19  11.4  17.2  2:39PM   6.1  7:56AM  53.6   0.0  0.00   3.8  19.0  7:40AM   NNW
20  11.2  13.6  4:27PM   9.1  9:31AM  53.8   0.0  0.00   4.2  15.0 11:10AM     E
----------------------------------------------------------------------------------
    29.2  56.6     5     4.1     1   716.0   0.0  0.35   3.1  29.0     8      SW

Max >=  80.0  0
Max <=  32.0  6
Min <=  32.0 17
Min <=   0.0  0
Max Rain: 0.15 on day 14
Days of Rain: 5 (>= 0.01 in)  5 (>= 0.01 in)  0 (>= 1.00 in)
Heat Base: 65.0  Cool Base: 65.0  Method: Integration