NOAA-Style Climate Reports

Select a Year or Month report
2018: Jan Feb Mar Apr May Jun Jul Aug Sep Oct Nov Dec
2017: Jan Feb Mar Apr May Jun Jul Aug Sep Oct Nov Dec
2016: Jan Feb Mar Apr May Jun Jul Aug Sep Oct Nov Dec
2015: Jan Feb Mar Apr May Jun Jul Aug Sep Oct Nov Dec

Report for 2018 October
                   Monthly Climatological Summary for Oct 2018

Name: Stoneybrook South   City: Omaha   State: NE
Elevation: 1160 ft  Lat: N 41 11 25   Lon: W 096 07 49

                  Temperature (°F), Rain (in), Wind Speed (mph)

                                      Heat  Cool        Avg
    Mean                              Deg   Deg         Wind                 Dom
Day Temp  High   Time   Low    Time   Days  Days  Rain  Speed High   Time    Dir
----------------------------------------------------------------------------------
01  51.2  54.2  5:02PM  49.0 12:00AM  13.8   0.0  0.08   1.2  11.0  4:25PM   NNE
02  58.6  72.4 11:40PM  51.4  4:29AM   7.4   1.0  0.00   1.4  14.0  3:31PM    SE
03  74.2  92.4  4:32PM  50.9 11:59PM   1.0  10.1  0.00   5.9  31.0  6:49PM   SSW
04  48.0  55.4  4:47PM  39.2  7:23AM  17.0   0.0  0.00   3.0  18.0 10:21AM    NE
05  51.6  55.3  5:34PM  48.3 11:55PM  13.4   0.0  0.11   1.1  17.0 10:01PM   SSW
06  47.3  49.8  4:56PM  44.4  7:51AM  17.7   0.0  0.00   2.7  15.0 12:22AM   NNE
07  48.2  53.0 11:53PM  44.0  4:54AM  16.8   0.0  0.29   1.9  13.0  7:50AM    NE
08  56.2  61.2  2:34PM  52.8 11:23PM   8.8   0.0  0.55   0.6  14.0  7:56PM   NNW
09  52.5  54.2  3:23PM  47.7 11:59PM  12.5   0.0  0.61   1.7  13.0  7:36PM   NNE
10  43.9  47.8 12:00AM  39.6  9:45PM  21.1   0.0  0.02   4.0  24.0  4:47PM     W
11  42.1  51.1  4:05PM  38.0  5:39AM  22.9   0.0  0.00   2.0  20.0  4:03AM   WNW
12  42.2  45.2  6:26PM  39.3 11:41PM  22.8   0.0  0.18   0.7   9.0  1:56PM     S
13  49.2  64.5  4:11PM  39.1  7:14AM  15.8   0.0  0.00   3.9  21.0  1:21PM     S
14  36.9  49.4 12:00AM  31.6  1:30PM  28.1   0.0  0.20   2.0  18.0  8:25AM     N
15  36.7  47.8  4:32PM  27.9  7:16AM  28.3   0.0  0.10   2.1  14.0  3:02PM   WSW
16  48.6  69.4  3:46PM  33.5  8:04AM  16.9   0.4  0.00   1.9  15.0  3:47PM    SW
17  50.0  65.8  5:11PM  37.6  7:08AM  15.0   0.0  0.00   0.5   9.0 10:05AM   NNW
18  54.7  71.0  3:21PM  39.0  7:42AM  11.3   1.0 25.17   3.5  26.0  2:02PM   SSW
19  59.2  73.7  3:54PM  51.2  4:30AM   7.0   1.2  0.02   3.8  22.0  9:43AM    SW
20  48.1  57.3  1:53PM  35.3 11:58PM  16.9   0.0 25.19   1.8  23.0 12:20PM    NW
----------------------------------------------------------------------------------
    50.0  92.4     3    27.9    15   314.5  13.7 52.52   2.3  31.0     3     WSW

Max >=  80.0  1
Max <=  32.0  0
Min <=  32.0  2
Min <=   0.0  0
Max Rain: 25.19 on day 20
Days of Rain: 12 (>= 0.01 in)  12 (>= 0.01 in)  2 (>= 1.00 in)
Heat Base: 65.0  Cool Base: 65.0  Method: Integration