NOAA-Style Climate Reports


Report for 2020 August
                   Monthly Climatological Summary for Aug 2020

Name: Stoneybrook South   City: Omaha   State: NE
Elevation: 1160 ft  Lat: N 41 11 25   Lon: W 096 07 49

                  Temperature (°F), Rain (in), Wind Speed (mph)

                                      Heat  Cool        Avg
    Mean                              Deg   Deg         Wind                 Dom
Day Temp  High   Time   Low    Time   Days  Days  Rain  Speed High   Time    Dir
----------------------------------------------------------------------------------
01  71.2  81.5  3:13PM  61.3  5:47AM   0.4   6.7  0.02   1.2  16.0  7:35PM   WNW
02  70.6  80.2  3:57PM  62.0  6:49AM   0.3   5.9  0.00   2.3  17.0  3:53PM     N
03  67.0  76.3  4:38PM  58.8  6:46AM   1.7   3.7  0.00   1.8  14.0 11:20AM    NE
04  65.9  76.5  3:16PM  53.6  6:24AM   3.1   4.0  0.00   1.2  12.0  6:55PM     S
05  67.8  77.5  4:57PM  59.6  7:29AM   1.4   4.2  0.23   3.8  18.0 12:08PM   SSE
06  72.8  85.5  3:47PM  64.8  6:20AM   0.0   7.8  0.30   3.9  17.0  3:45PM   SSE
07  76.0  83.7  5:24PM  69.8  6:38AM   0.0  11.0  0.00   5.2  23.0  1:55PM   SSE
08  79.0  85.1  5:36PM  72.6  4:24AM   0.0  14.0  0.01   4.8  21.0  4:04PM   SSE
09  80.8  88.8  5:25PM  72.5  7:28AM   0.0  15.8  0.14   3.8  24.0 11:44AM   SSE
10  76.5  84.9  5:06PM  68.1  9:28AM   0.0  11.5  0.00   2.4  29.0  9:04AM    NE
11  75.2  85.7  5:01PM  64.4  6:33AM   0.0  10.2  0.00   2.7  15.0 11:24AM    SE
----------------------------------------------------------------------------------
    73.0  88.8     9    53.6     4     6.9  94.8  0.70   3.0  29.0    10      SE

Max >=  80.0  8
Max <=  32.0  0
Min <=  32.0  0
Min <=   0.0  0
Max Rain: 0.30 on day 6
Days of Rain: 5 (>= 0.01 in)  5 (>= 0.01 in)  0 (>= 1.00 in)
Heat Base: 65.0  Cool Base: 65.0  Method: Integration