NOAA-Style Climate Reports
Select a Year or Month report
2024: Jan Feb Mar Apr May Jun Jul Aug Sep Oct Nov Dec
2023: Jan Feb Mar Apr May Jun Jul Aug Sep Oct Nov Dec
2022: Jan Feb Mar Apr May Jun Jul Aug Sep Oct Nov Dec
2021: Jan Feb Mar Apr May Jun Jul Aug Sep Oct Nov Dec
2020: Jan Feb Mar Apr May Jun Jul Aug Sep Oct Nov Dec
2019: Jan Feb Mar Apr May Jun Jul Aug Sep Oct Nov Dec
2018: Jan Feb Mar Apr May Jun Jul Aug Sep Oct Nov Dec
2017: Jan Feb Mar Apr May Jun Jul Aug Sep Oct Nov Dec
2016: Jan Feb Mar Apr May Jun Jul Aug Sep Oct Nov Dec
2015: Jan Feb Mar Apr May Jun Jul Aug Sep Oct Nov Dec
2024: Jan Feb Mar Apr May Jun Jul Aug Sep Oct Nov Dec
2023: Jan Feb Mar Apr May Jun Jul Aug Sep Oct Nov Dec
2022: Jan Feb Mar Apr May Jun Jul Aug Sep Oct Nov Dec
2021: Jan Feb Mar Apr May Jun Jul Aug Sep Oct Nov Dec
2020: Jan Feb Mar Apr May Jun Jul Aug Sep Oct Nov Dec
2019: Jan Feb Mar Apr May Jun Jul Aug Sep Oct Nov Dec
2018: Jan Feb Mar Apr May Jun Jul Aug Sep Oct Nov Dec
2017: Jan Feb Mar Apr May Jun Jul Aug Sep Oct Nov Dec
2016: Jan Feb Mar Apr May Jun Jul Aug Sep Oct Nov Dec
2015: Jan Feb Mar Apr May Jun Jul Aug Sep Oct Nov Dec
Report for 2024 March
Monthly Climatological Summary for Mar 2024 Name: Stonybrook South City: Omaha State: NE Elevation: 1142 ft Lat: N 41° 11' 21" Lon: W 096° 07' 48" Temperature (°F), Rain (in), Wind Speed (mph) Heat Cool Avg Mean Deg Deg Wind Dom Day Temp High Time Low Time Days Days Rain Speed High Time Dir ---------------------------------------------------------------------------------- 01 43.8 56.8 15:32 34.4 05:39 21.2 0.0 0.00 7.9 30.0 13:40 S 02 50.4 69.7 16:11 31.8 05:16 15.2 0.6 0.00 5.1 30.0 16:37 SSE 03 59.8 70.3 15:00 47.4 23:56 6.0 0.8 0.00 6.6 36.0 10:11 SSW 04 46.3 50.7 16:37 37.2 23:56 18.7 0.0 0.00 5.7 26.0 14:59 NE 05 41.5 56.8 16:13 28.4 06:56 23.4 0.0 0.00 1.9 12.0 00:29 NNW 06 45.5 59.2 13:59 29.9 03:34 19.5 0.0 0.00 2.8 21.0 11:41 SE 07 47.0 55.9 14:04 37.6 23:55 18.0 0.0 0.00 4.8 25.0 22:57 NE 08 33.9 41.5 17:08 27.8 09:45 31.1 0.0 0.14 3.9 23.0 14:53 N 09 37.8 53.9 15:43 23.3 07:02 27.1 0.0 0.00 1.9 19.0 14:07 NW 10 46.8 67.6 16:44 26.2 08:05 17.7 0.2 0.00 4.0 24.0 17:04 S 11 58.0 75.4 16:05 41.9 08:15 9.1 2.1 0.00 6.3 28.0 18:25 S 12 56.4 67.8 16:54 44.0 08:08 8.8 0.2 0.00 2.2 15.0 00:01 SSE 13 55.6 69.7 16:26 40.7 07:47 10.2 0.8 0.01 1.8 15.0 20:54 NE 14 49.9 57.9 00:00 46.8 23:55 15.1 0.0 0.29 4.0 25.0 19:20 NNE 15 46.4 58.7 17:07 35.7 07:41 18.6 0.0 0.00 3.1 16.0 17:02 NW 16 47.9 57.2 15:45 39.6 23:58 17.1 0.0 0.00 5.7 23.0 15:30 WNW 17 33.7 39.6 00:00 26.5 23:56 31.4 0.0 0.00 4.9 28.0 18:36 NW 18 31.2 43.8 17:19 20.8 04:38 33.8 0.0 0.00 3.9 18.0 18:16 W ---------------------------------------------------------------------------------- 46.2 75.4 11 20.8 18 341.9 4.7 0.44 4.2 36.0 3 WSW Max >= 80.0 0 Max <= 32.0 0 Min <= 32.0 8 Min <= 0.0 0 Max Rain: 0.29 on day 14 Days of Rain: 3 (>= 0.01 in) 2 (>= 0.10 in) 0 (>= 1.00 in) Heat Base: 65.0 Cool Base: 65.0 Method: Integration