NOAA-Style Climate Reports

Select a Year or Month report
2018: Jan Feb Mar Apr May Jun Jul Aug Sep Oct Nov Dec
2017: Jan Feb Mar Apr May Jun Jul Aug Sep Oct Nov Dec
2016: Jan Feb Mar Apr May Jun Jul Aug Sep Oct Nov Dec
2015: Jan Feb Mar Apr May Jun Jul Aug Sep Oct Nov Dec

Report for 2018 April
                   Monthly Climatological Summary for Apr 2018

Name: Stoneybrook South   City: Omaha   State: NE
Elevation: 1160 ft  Lat: N 41 11 25   Lon: W 096 07 49

                  Temperature (°F), Rain (in), Wind Speed (mph)

                                      Heat  Cool        Avg
    Mean                              Deg   Deg         Wind                 Dom
Day Temp  High   Time   Low    Time   Days  Days  Rain  Speed High   Time    Dir
----------------------------------------------------------------------------------
01  27.9  35.6  3:57PM  23.4 11:39PM  37.1   0.0  0.00   3.3  17.0  9:03PM   NNW
02  25.9  31.1 12:57PM  20.0  6:30AM  39.1   0.0  0.00   6.0  24.0 10:59AM    SE
03  29.6  36.8 11:31AM  18.6 11:58PM  35.4   0.0  0.00   5.9  29.0  2:59PM    NW
04  28.4  41.9  5:18PM  14.8  4:32AM  36.6   0.0  0.00   4.7  21.0  3:24PM   SSE
05  43.5  60.9  3:55PM  30.3  5:32AM  21.5   0.0  0.00   2.7  16.0  5:33PM     N
06  27.8  42.1 12:06AM  20.1 11:59PM  37.2   0.0  0.01   5.1  21.0 10:38AM   NNW
07  27.7  41.5  4:51PM  13.8  7:14AM  37.3   0.0  0.03   2.3  13.0 12:14AM   WNW
08  33.8  35.9  1:07PM  30.0 12:08AM  31.2   0.0  0.00   8.0  32.0 12:38PM    SE
09  35.5  38.3  4:24PM  33.8  1:07AM  29.5   0.0  0.00   2.4  13.0 11:03AM     N
10  44.0  63.1  4:26PM  24.3  6:54AM  21.0   0.0  0.00   3.8  22.0 11:13AM     S
11  56.5  74.0  6:27PM  41.4  6:01AM   9.9   1.4  0.00   4.0  25.0  6:13PM   SSE
12  58.2  69.9  4:05PM  44.3  6:56AM   7.7   0.9  0.00   7.0  22.0 12:08PM    NE
13  60.3  72.8  4:12PM  48.0 11:59PM   5.4   0.7  0.00   8.4  24.0 12:34PM    NE
14  34.4  48.0 12:00AM  25.3 11:42PM  30.6   0.0  0.08   8.3  32.0  8:52AM     N
15  26.6  32.0  3:25PM  22.5  7:02AM  38.4   0.0  0.06   6.5  25.0 11:24AM    NW
16  35.7  48.9  5:20PM  24.7  5:57AM  29.3   0.0  0.01   3.4  17.0 10:46AM    NW
17  43.6  58.3  5:14PM  29.8  6:37AM  21.4   0.0  0.00   6.4  27.0 11:59PM   ENE
18  37.2  41.2 12:00AM  32.5 10:27AM  27.8   0.0  0.01   5.6  27.0 12:18AM   NNW
19  44.4  57.3  4:51PM  30.5  4:28AM  20.5   0.0  0.00   2.7  14.0 12:29AM    NE
20  49.6  60.8  4:42PM  35.5  6:20AM  15.4   0.0  0.00   4.6  20.0 11:06AM     E
21  51.0  54.4  5:37PM  48.1  7:42AM  14.0   0.0  0.00   3.7  13.0  5:44PM   ENE
22  57.3  69.0  2:33PM  45.3  6:40AM   8.3   0.6  0.00   4.4  16.0  2:21PM    NE
23  60.3  73.9  4:55PM  43.4  6:40AM   7.0   2.3  0.00   2.4  14.0  2:59PM    NE
24  57.1  74.0  1:36PM  44.7  6:09AM   9.1   1.2  0.04   3.0  21.0  3:51PM   WNW
25  50.1  61.4  5:20PM  42.2  8:00AM  14.9   0.0  0.12   3.2  14.0  2:10AM    NW
----------------------------------------------------------------------------------
    41.9  74.0    11    13.8     7   585.6   7.1  0.36   4.7  32.0     8     NNE

Max >=  80.0  0
Max <=  32.0  2
Min <=  32.0 14
Min <=   0.0  0
Max Rain: 0.12 on day 25
Days of Rain: 8 (>= 0.01 in)  8 (>= 0.01 in)  0 (>= 1.00 in)
Heat Base: 65.0  Cool Base: 65.0  Method: Integration