NOAA-Style Climate Reports

Select a Year or Month report
2019: Jan Feb Mar Apr May Jun Jul Aug Sep Oct Nov Dec
2018: Jan Feb Mar Apr May Jun Jul Aug Sep Oct Nov Dec
2017: Jan Feb Mar Apr May Jun Jul Aug Sep Oct Nov Dec
2016: Jan Feb Mar Apr May Jun Jul Aug Sep Oct Nov Dec
2015: Jan Feb Mar Apr May Jun Jul Aug Sep Oct Nov Dec

Report for 2019 August
                   Monthly Climatological Summary for Aug 2019

Name: Stoneybrook South   City: Omaha   State: NE
Elevation: 1160 ft  Lat: N 41 11 25   Lon: W 096 07 49

                  Temperature (°F), Rain (in), Wind Speed (mph)

                                      Heat  Cool        Avg
    Mean                              Deg   Deg         Wind                 Dom
Day Temp  High   Time   Low    Time   Days  Days  Rain  Speed High   Time    Dir
----------------------------------------------------------------------------------
01  74.1  83.4  4:03PM  65.3  1:23AM   0.0   9.1  0.00   2.6  17.0  1:46PM    SE
02  73.5  78.7  4:11PM  68.5  7:06AM   0.0   8.5  0.00   2.3  13.0 12:38PM    SE
03  76.1  84.2  2:27PM  69.8  4:07AM   0.0  11.1  0.01   1.9  13.0 11:41AM    SE
04  77.1  86.5  3:44PM  68.2  5:49AM   0.0  12.2  0.01   2.2  16.0  1:46PM   SSE
05  78.4  88.3  1:22PM  68.3  6:42AM   0.0  13.4  0.00   2.5  18.0  5:44PM   SSW
06  77.9  88.5  5:15PM  67.1  7:00AM   0.0  12.9  0.01   1.4  12.0  1:03PM   NNE
07  78.2  89.3  4:57PM  68.7  5:32AM   0.0  13.2  0.04   2.1  24.0  4:06AM   WSW
08  78.0  87.9  4:00PM  71.9  3:09AM   0.0  13.0  0.00   1.8  11.0 10:16AM    NE
09  77.0  84.7  4:53PM  70.3  5:19AM   0.0  12.0  0.00   2.5  16.0  1:15PM    SE
10  80.5  88.3  1:58PM  73.3  4:23AM   0.0  15.5  0.00   3.2  23.0  4:12AM   SSE
11  77.7  86.0  3:56PM  70.8 10:01AM   0.0  12.7  1.29   2.0  18.0  6:21AM    SE
12  77.0  85.4  3:53PM  69.4  5:53AM   0.0  12.0  0.29   1.7  15.0  3:20AM    SW
13  78.7  88.1  3:56PM  70.8  6:53AM   0.0  13.5  0.00   1.5  12.0 12:11PM    NW
14  69.9  78.2  4:32PM  61.6  6:51AM   0.4   5.3  0.00   2.0  18.0 11:20AM    NW
15  66.9  74.3  4:05PM  61.1  5:19AM   0.8   2.7  0.24   1.5  16.0  2:37PM   SSE
16  72.5  85.4  5:14PM  63.6  4:36AM   0.1   7.6  0.01   1.2  11.0 12:48PM   ESE
17  76.4  85.6  4:34PM  68.7  7:32AM   0.0  11.4  0.00   4.2  22.0 10:14PM   SSE
----------------------------------------------------------------------------------
    75.9  89.3     7    61.1    15     1.3 186.1  1.90   2.2  24.0     7     SSE

Max >=  80.0 14
Max <=  32.0  0
Min <=  32.0  0
Min <=   0.0  0
Max Rain: 1.29 on day 11
Days of Rain: 8 (>= 0.01 in)  8 (>= 0.01 in)  1 (>= 1.00 in)
Heat Base: 65.0  Cool Base: 65.0  Method: Integration