NOAA-Style Climate Reports

Select a Year or Month report
2019: Jan Feb Mar Apr May Jun Jul Aug Sep Oct Nov Dec
2018: Jan Feb Mar Apr May Jun Jul Aug Sep Oct Nov Dec
2017: Jan Feb Mar Apr May Jun Jul Aug Sep Oct Nov Dec
2016: Jan Feb Mar Apr May Jun Jul Aug Sep Oct Nov Dec
2015: Jan Feb Mar Apr May Jun Jul Aug Sep Oct Nov Dec

Report for 2019 March
                   Monthly Climatological Summary for Mar 2019

Name: Stoneybrook South   City: Omaha   State: NE
Elevation: 1160 ft  Lat: N 41 11 25   Lon: W 096 07 49

                  Temperature (°F), Rain (in), Wind Speed (mph)

                                      Heat  Cool        Avg
    Mean                              Deg   Deg         Wind                 Dom
Day Temp  High   Time   Low    Time   Days  Days  Rain  Speed High   Time    Dir
----------------------------------------------------------------------------------
01  20.7  31.4  3:58PM  12.2  2:24AM  44.2   0.0  0.00   3.4  20.0  6:49PM   WSW
02  13.7  16.8  3:39PM   9.1 11:59PM  50.7   0.0  0.00   3.2  19.0 10:54PM     N
03   2.3   9.2 12:00AM  -2.1  7:38AM  62.7   0.0  0.00   4.4  21.0  3:28AM    NW
04   5.0  15.3  4:34PM  -5.6  7:11AM  60.0   0.0  0.00   4.2  20.0  2:06PM     W
05  14.3  22.4  4:18PM   5.6 12:58AM  50.7   0.0  0.00   4.2  20.0  9:17AM   WNW
06  20.3  31.5  2:28PM   4.8  7:00AM  44.7   0.0  0.73   1.9  10.0 11:36AM     S
07  24.7  27.9 12:01AM  20.5  7:18AM  40.3   0.0  0.03   4.9  16.0 12:36PM   ENE
08  29.1  35.8  3:07PM  19.4  6:45AM  35.9   0.0  0.80   2.5  19.0 10:27PM   ESE
09  34.2  36.6 12:09PM  29.7 11:57PM  30.8   0.0  0.42   6.5  30.0  8:10PM    NW
10  29.3  37.8  4:48PM  20.2  8:01AM  34.2   0.0  0.00   3.6  20.0 12:39AM     W
11  32.0  39.8  4:13PM  23.8  8:14AM  33.0   0.0  1.20   1.5  10.0 12:20PM   SSE
12  39.0  43.5  7:46PM  33.2 12:20AM  26.0   0.0  0.34   3.0  16.0  1:24PM    SE
13  49.1  59.4  5:10PM  42.5  2:55AM  15.9   0.0  0.61   6.2  29.0  1:10PM   ESE
14  39.2  52.3 12:05AM  33.9 11:49PM  25.8   0.0  0.18   7.8  34.0  9:48PM    NW
15  36.5  47.2  4:37PM  28.5 11:54PM  28.5   0.0  0.00   5.4  25.0  1:40PM   WNW
16  37.2  53.6  2:36PM  23.3  6:48AM  27.8   0.0  0.00   2.9  20.0  4:51PM   WNW
17  36.3  47.0  3:35PM  23.6  7:45AM  28.7   0.0  0.00   1.2  12.0  2:10PM     W
18  37.5  47.9  3:42PM  27.9  7:07AM  27.5   0.0  0.00   1.5  14.0  1:44PM   SSW
19  40.0  43.9  4:04PM  36.9  6:22AM  25.0   0.0  0.15   1.2  11.0  8:40AM    SE
20  44.2  58.4  4:05PM  34.3  4:48AM  20.8   0.0  0.00   4.7  23.0  4:06PM   WNW
21  42.8  58.3  5:11PM  31.0  7:32AM  22.2   0.0  0.00   2.3  12.0  2:24AM   WNW
----------------------------------------------------------------------------------
    29.9  59.4    13    -5.6     4   735.4   0.0  4.46   3.6  34.0    14     WNW

Max >=  80.0  0
Max <=  32.0  7
Min <=  32.0 16
Min <=   0.0  2
Max Rain: 1.20 on day 11
Days of Rain: 9 (>= 0.01 in)  9 (>= 0.01 in)  1 (>= 1.00 in)
Heat Base: 65.0  Cool Base: 65.0  Method: Integration