NOAA-Style Climate Reports

Select a Year or Month report
2019: Jan Feb Mar Apr May Jun Jul Aug Sep Oct Nov Dec
2018: Jan Feb Mar Apr May Jun Jul Aug Sep Oct Nov Dec
2017: Jan Feb Mar Apr May Jun Jul Aug Sep Oct Nov Dec
2016: Jan Feb Mar Apr May Jun Jul Aug Sep Oct Nov Dec
2015: Jan Feb Mar Apr May Jun Jul Aug Sep Oct Nov Dec

Report for 2019 July
                   Monthly Climatological Summary for Jul 2019

Name: Stoneybrook South   City: Omaha   State: NE
Elevation: 1160 ft  Lat: N 41 11 25   Lon: W 096 07 49

                  Temperature (°F), Rain (in), Wind Speed (mph)

                                      Heat  Cool        Avg
    Mean                              Deg   Deg         Wind                 Dom
Day Temp  High   Time   Low    Time   Days  Days  Rain  Speed High   Time    Dir
----------------------------------------------------------------------------------
01  82.0  90.5  3:54PM  72.8  6:35AM   0.0  17.0  0.01   4.1  20.0  6:47PM   SSW
02  81.4  92.3  3:33PM  74.5  5:12AM   0.0  16.4  0.01   2.4  18.0  4:22PM     S
03  78.7  90.5  5:08PM  71.0  8:40PM   0.0  13.7  0.31   2.6  25.0  8:10PM     E
04  78.0  86.8  5:03PM  71.2  5:10AM   0.0  13.0  0.00   2.1  14.0  4:09PM     S
05  76.6  85.1  6:45PM  71.3  5:39AM   0.0  11.6  0.03   1.5  17.0 11:45AM   SSW
06  75.7  84.0  4:43PM  68.3  6:12AM   0.0  10.7  0.01   1.9  14.0  1:15PM   NNE
07  76.3  84.8  3:42PM  67.0  6:06AM   0.0  11.3  0.00   1.2  11.0  2:04PM   ESE
08  78.5  88.1  4:31PM  69.7  5:37AM   0.0  13.5  0.00   3.0  16.0  3:27PM    SE
09  79.3  89.5  5:58PM  69.2  7:08AM   0.0  14.3  0.36   4.2  20.0 12:21AM   SSW
10  76.7  84.9  4:43PM  69.4  7:50AM   0.0  11.7  0.00   2.7  23.0  2:53PM   WNW
11  75.2  85.4  5:12PM  64.5  6:27AM   0.0  10.2  0.00   1.6  12.0 12:12PM     N
12  77.6  90.2  4:22PM  64.3  6:24AM   0.0  12.7  0.00   2.7  18.0  4:48PM   SSE
13  79.3  87.7  4:15PM  71.2  5:49AM   0.0  14.3  0.00   2.2  20.0 10:22AM     S
14  81.0  90.5  4:01PM  71.1  6:30AM   0.0  16.0  0.00   2.7  17.0  4:02PM   SSE
15  80.9  89.8  3:53PM  73.4  6:38AM   0.0  15.9  0.01   4.7  19.0  6:25PM   SSE
----------------------------------------------------------------------------------
    78.5  92.3     2    64.3    12     0.0 202.3  0.74   2.6  25.0     3       S

Max >=  80.0 15
Max <=  32.0  0
Min <=  32.0  0
Min <=   0.0  0
Max Rain: 0.36 on day 9
Days of Rain: 7 (>= 0.01 in)  7 (>= 0.01 in)  0 (>= 1.00 in)
Heat Base: 65.0  Cool Base: 65.0  Method: Integration