nws-alerts: Checking more than four warning/county codes can delay the loading of your pages. You should use a cron job to get the data.

NOAA-Style Climate Reports


Report for 2021 June
                   Monthly Climatological Summary for Jun 2021

Name: Stoneybrook South   City: Omaha   State: NE
Elevation: 1160 ft  Lat: N 41 11 25   Lon: W 096 07 49

                  Temperature (°F), Rain (in), Wind Speed (mph)

                                      Heat  Cool        Avg
    Mean                              Deg   Deg         Wind                 Dom
Day Temp  High   Time   Low    Time   Days  Days  Rain  Speed High   Time    Dir
----------------------------------------------------------------------------------
01  65.9  79.5  5:36PM  53.1  5:36AM   3.4   4.3  0.00   0.9  15.0  3:28PM   SSE
02  68.5  82.0  3:57PM  53.2  6:23AM   3.0   6.6  0.00   0.9  11.0  5:05PM   SSE
03  73.1  87.0  4:08PM  56.2  4:53AM   1.9   9.9  0.00   2.3  19.0  1:37PM    SW
04  79.4  93.7  5:31PM  61.8  6:36AM   0.2  14.6  0.00   3.2  15.0  1:42PM   SSW
05  81.0  92.6  3:42PM  70.8  6:35AM   0.0  16.0  0.00   4.9  25.0  7:12PM   SSW
06  75.9  84.1  3:29PM  67.0  6:23AM   0.0  10.9  0.00   5.0  23.0  1:00PM     S
07  79.3  91.1  5:03PM  67.0  5:58AM   0.0  14.3  0.00   3.3  19.0 12:55PM   SSE
08  79.3  91.0  5:32PM  67.5  6:26AM   0.0  14.3  0.00   1.7  14.0  1:20PM    SE
09  81.3  92.1  4:54PM  69.4  6:14AM   0.0  16.3  0.00   1.3  15.0 12:31PM    SE
10  84.2  95.2  4:38PM  71.9  6:32AM   0.0  19.2  0.00   2.9  18.0  4:16PM   SSE
11  75.9  82.3  6:07PM  67.4  9:57AM   0.0  10.9  0.35   2.7  25.0 10:13AM     S
----------------------------------------------------------------------------------
    76.7  95.2    10    53.1     1     8.5 137.3  0.35   2.6  25.0     5       S

Max >=  80.0 10
Max <=  32.0  0
Min <=  32.0  0
Min <=   0.0  0
Max Rain: 0.35 on day 11
Days of Rain: 1 (>= 0.01 in)  1 (>= 0.01 in)  0 (>= 1.00 in)
Heat Base: 65.0  Cool Base: 65.0  Method: Integration