NOAA-Style Climate Reports


Report for 2024 May
                   Monthly Climatological Summary for May 2024

Name: Stonybrook South   City: Omaha   State: NE
Elevation: 1142 ft  Lat: N 41° 11' 21"   Lon: W 096° 07' 48"

                  Temperature (°F), Rain (in), Wind Speed (mph)

                                      Heat  Cool        Avg
    Mean                              Deg   Deg         Wind                 Dom
Day Temp  High   Time   Low    Time   Days  Days  Rain  Speed High   Time    Dir
----------------------------------------------------------------------------------
01  55.9  64.7   14:19  47.4   05:35   9.1   0.0  0.08   2.3  14.0   21:55   ENE
02  55.1  63.2   18:11  49.0   04:21   9.9   0.0  0.45   2.8  23.0   03:33     N
03  58.2  71.6   15:23  42.5   06:40   8.2   1.3  0.01   2.7  21.0   17:57    SE
04  54.6  63.4   00:07  46.7   06:14  10.4   0.0  0.79   2.7  28.0   02:08   NNW
05  55.4  67.2   15:57  42.3   06:24   9.7   0.1  0.00   2.8  21.0   12:00    SE
06  60.6  70.3   15:05  52.7   02:32   5.6   1.2  0.52   6.1  32.0   15:26    SE
07  62.2  75.5   16:12  51.4   06:26   4.8   2.1  0.03   3.7  31.0   16:58    SW
08  68.4  79.3   15:56  58.4   06:23   1.4   4.8  0.01   3.5  36.0   00:50   SSW
09  61.1  70.7   17:51  49.4   06:04   5.2   1.3  0.00   2.2  20.0   17:35   NNW
10  64.0  77.5   16:38  49.2   06:05   5.0   4.0  0.00   2.0  18.0   17:14   WNW
11  66.3  82.8   16:41  47.9   06:20   4.9   6.3  0.00   1.8  16.0   13:29     W
12  67.6  80.8   14:54  57.8   06:23   2.2   4.7  0.54   1.4  17.0   16:34    SW
13  61.7  68.0   18:08  54.6   23:54   3.7   0.4  0.01   1.6  18.0   16:56    NE
14  63.9  76.5   16:39  50.9   05:16   4.7   3.6  0.00   1.2  14.0   11:57    NE
15  64.7  75.0   15:27  59.5   23:54   2.1   1.8  0.65   2.4  17.0   11:57   SSE
16  66.4  79.8   17:44  54.5   07:03   3.2   4.7  0.00   1.6  15.0   13:27     W
17  72.0  86.0   16:22  55.3   06:14   1.9   8.9  0.00   3.8  26.0   18:58     S
18  73.6  82.6   17:50  65.4   05:15   0.0   8.5  0.00   3.2  21.0   09:10    SW
19  63.5  71.1   17:07  54.1   08:14   2.5   1.0  0.16   2.3  23.0   21:56    SE
20  72.5  86.6   17:08  57.8   06:09   1.5   9.0  0.65   2.0  15.0   19:57     S
21  63.9  75.4   13:07  56.2   23:57   2.2   1.2  1.27   3.7  25.0   18:07    NW
22  63.2  76.3   16:49  50.0   03:55   5.0   3.2  0.00   1.6  17.0   14:47   WSW
23  68.6  80.7   17:21  53.0   06:02   3.0   6.6  0.00   3.7  23.0   14:56    SE
24  64.8  74.3   02:27  55.7   23:59   2.4   2.3  0.58   3.4  35.0   02:28     W
25  66.3  79.2   15:45  51.4   05:53   4.2   5.5  0.00   3.2  40.0   23:23   SSE
----------------------------------------------------------------------------------
    63.8  86.6    20    42.3     5   112.9  82.5  5.75   2.7  40.0    25     SSW

Max >=  80.0  6
Max <=  32.0  0
Min <=  32.0  0
Min <=   0.0  0
Max Rain: 1.27 on day 21
Days of Rain: 14 (>= 0.01 in)  9 (>= 0.10 in)  1 (>= 1.00 in)
Heat Base: 65.0  Cool Base: 65.0  Method: Integration