NOAA-Style Climate Reports

Select a Year or Month report
2017: Jan Feb Mar Apr May Jun Jul Aug Sep Oct Nov Dec
2016: Jan Feb Mar Apr May Jun Jul Aug Sep Oct Nov Dec
2015: Jan Feb Mar Apr May Jun Jul Aug Sep Oct Nov Dec

Report for 2016 February
                   Monthly Climatological Summary for Feb 2016

Name: Stonybrook South   City: Omaha   State: NE
Elevation: 1142 ft  Lat: N 41° 11' 25"   Lon: W 096° 07' 52"

                  Temperature (°F), Rain (in), Wind Speed (mph)

                                      Heat  Cool        Avg
    Mean                              Deg   Deg         Wind                 Dom
Day Temp  High   Time   Low    Time   Days  Days  Rain  Speed High   Time    Dir
----------------------------------------------------------------------------------
 1  34.8  47.8  12:54p  23.7   5:23a  30.2   0.0  0.01   2.6  14.1  11:19p    NE
 2  32.0  35.4  12:00a  26.1  11:36p  33.0   0.0  0.09  11.0  28.4   4:49a   NNE
 3  22.4  29.1   1:02p  11.8  11:53p  42.6   0.0  0.00   6.3  28.4   4:23a   WNW
 4  22.0  34.2   3:28p  11.8  12:03a  43.0   0.0  0.00   2.7  12.5   2:54p    SW
 5  24.5  31.8   3:50p  14.5   4:20a  40.5   0.0  0.00   2.5  12.5  11:33a     S
 6  33.6  42.3   2:00p  20.8   7:31a  31.4   0.0  0.12   4.8  18.1   2:55p     S
 7  37.0  46.4  12:27p  30.4  11:51p  28.0   0.0  0.00   8.5  27.3  10:27p     W
 8  28.4  31.8   3:23p  24.3  11:58p  36.6   0.0  0.00   9.1  27.3   1:10p   WNW
 9  19.8  27.7   7:14p  12.9   7:43a  45.2   0.0  0.00   5.5  20.6   8:54a   WNW
10  28.8  41.7   2:13p  17.6  12:14a  36.2   0.0  0.00   4.4  14.5   6:48p   ESE
11  22.3  30.7   8:46p  14.9   5:52a  42.7   0.0  0.00   3.6  10.3   1:15p     E
12  21.0  27.7  12:18p  12.2  11:25p  44.0   0.0  0.00   5.1  17.0  12:03p   NNW
13  14.7  18.9   4:17p   9.9   6:28a  50.3   0.0  0.00   5.2  14.5   5:42p   ESE
14  28.5  43.5   9:21p  17.6  12:43a  36.5   0.0  0.00   4.8  16.6   4:26a     S
15  39.1  50.7   3:24p  29.5   7:35a  25.9   0.0  0.00   3.0  13.0  11:51a     S
16  35.9  41.7   6:40p  28.8  10:52p  29.1   0.0  0.02   4.0  18.6   7:14a    NW
17  38.8  50.9   3:41p  28.4   7:14a  26.2   0.0  0.00   3.7  11.0  10:44a   ESE
18  50.8  69.1   5:12p  36.7   2:59a  14.5   0.4  0.00   5.3  18.6  10:18a    SE
19  56.2  67.6   3:37p  47.1   7:55a   8.9   0.2  0.01   8.7  34.7   5:05a    SW
20  46.7  57.9  12:10p  37.6   5:45a  18.3   0.0  0.00   3.8  15.7   1:38p   NNW
21  42.2  54.7   2:13p  35.4   4:27a  22.8   0.0  0.00   3.6  13.4   4:32p   WNW
22  39.3  44.8   3:52p  36.1   4:59a  25.7   0.0  0.00   2.4   8.9  10:59a   SSE
23  39.3  50.7   2:44p  29.5   6:22a  25.7   0.0  0.00   4.0  18.1   6:34p   NNW
24  34.1  44.4   1:34p  27.1   4:25a  30.9   0.0  0.00   4.3  18.1   4:25p    NW
25  33.0  36.3   2:40p  25.5  11:55p  32.0   0.0  0.02   5.4  20.1   9:16a   WNW
26  36.0  55.4   3:48p  20.7   3:57a  29.0   0.0  0.00   2.6  16.1  11:06a   SSW
27  51.9  74.8   3:20p  25.9   3:04a  15.0   1.9  0.00   7.0  26.4   1:37p     S
28  49.7  59.2  12:05a  31.5  11:57p  15.3   0.0  0.01   7.6  35.6   9:50a     W
29  41.8  66.2   1:39p  28.8  11:23p  23.2   0.0  0.00   5.8  21.3   3:37p     N
----------------------------------------------------------------------------------
    34.6  74.8    27     9.9    13   882.7   2.5  0.28   5.1  35.6    28       W

Max >=  80.0:  0
Max <=  32.0:  7
Min <=  32.0: 24
Min <=   0.0:  0
Max Rain: 0.12 on day 6
Days of Rain: 7 (>= 0.01 in)  1 (>= 0.10 in)  0 (>= 1.00 in)
Heat Base: 65.0  Cool Base: 65.0  Method: Integration