NOAA-Style Climate Reports

Select a Year or Month report
2017: Jan Feb Mar Apr May Jun Jul Aug Sep Oct Nov Dec
2016: Jan Feb Mar Apr May Jun Jul Aug Sep Oct Nov Dec
2015: Jan Feb Mar Apr May Jun Jul Aug Sep Oct Nov Dec

Report for 2015 December
                   Monthly Climatological Summary for Dec 2015

Name: Stonybrook South   City: Omaha   State: NE
Elevation: 1142 ft  Lat: N 41° 11' 25"   Lon: W 096° 07' 52"

                  Temperature (°F), Rain (in), Wind Speed (mph)

                                      Heat  Cool        Avg
    Mean                              Deg   Deg         Wind                 Dom
Day Temp  High   Time   Low    Time   Days  Days  Rain  Speed High   Time    Dir
----------------------------------------------------------------------------------
 1  29.2  34.5  10:39a  22.3   7:36a  35.8   0.0  0.00   5.8  15.7   3:21p    SW
 2  33.4  41.9  12:00p  22.1  11:45p  31.6   0.0  0.24   4.3  17.7  11:06a     W
 3  32.1  49.1   3:17p  18.5   6:12a  32.9   0.0  0.01   1.6   9.8   1:30p     S
 4  39.5  54.0   2:43p  27.1  12:37a  25.4   0.0  0.00   4.7  17.0  12:30p    SE
 5  44.4  51.6   2:14p  37.6   6:52a  20.6   0.0  0.00   5.9  18.6  11:26a   SSE
 6  40.5  53.2   3:18p  29.7  10:28p  24.3   0.0  0.00   2.6  11.9   6:43a   WNW
 7  40.5  56.1   3:27p  29.7  12:01a  24.5   0.0  0.00   3.3  16.1  11:33a     S
 8  43.4  58.1   3:37p  32.7   3:38a  21.6   0.0  0.00   2.4  14.5   2:14p   SSW
 9  45.6  60.8   2:49p  33.4   6:00a  19.3   0.0  0.00   3.5  14.1   2:59p     S
10  51.4  61.2   2:54p  39.7  11:59p  13.6   0.0  0.00   5.6  21.3   9:10a    SW
11  44.3  56.8   2:00p  36.5  12:55a  20.6   0.0  0.00   2.3  11.4  12:04p     E
12  39.6  42.1  11:55p  37.0   7:55a  25.4   0.0  0.73   5.1  15.0   7:13p     N
13  39.3  43.0  12:51a  37.8   9:19a  25.7   0.0  2.05   6.5  27.3   7:03p     N
14  36.0  37.9  12:00a  32.4   5:01a  28.9   0.0  1.11   5.3  21.3  11:22a   WNW
15  37.4  42.1  10:37p  33.8   8:05a  27.6   0.0  0.00   5.6  23.3  11:30p     E
16  31.9  39.0  12:00a  28.9   9:33a  33.1   0.0  0.01   9.7  25.9   4:57a    SW
17  29.8  35.8   1:03p  19.9  11:19p  35.2   0.0  0.00   5.1  15.7   3:59a     W
18  25.1  37.0  12:52p  18.1  11:48p  39.9   0.0  0.00   4.7  16.6   1:58p   WSW
19  28.8  40.5   2:28p  14.7   2:38a  36.2   0.0  0.00   4.4  16.6  10:41a    SE
20  41.2  53.1   2:17p  29.5  11:29p  23.7   0.0  0.00   4.3  14.5   1:21p     S
21  28.1  30.6  12:23p  26.1  10:22p  36.0   0.0  0.03   4.1  19.7   6:40a     W
22  35.5  45.5   2:13p  25.2   1:57a  29.5   0.0  0.00   6.4  24.8  12:07p    SE
23  36.1  41.0   6:24a  25.2  11:50p  28.9   0.0  0.83   3.8  22.8  11:35a    NW
24  28.5  37.4  12:38p  23.0   2:36a  36.5   0.0  0.10   0.1   3.8   2:56a   NNE
25  29.2  33.1  11:49p  27.0   8:05a  35.8   0.0  0.00   0.0   9.4  11:59p   ENE
26  32.3  35.6  11:31a  24.1  11:53p  32.7   0.0  0.30   6.4  21.7   8:05p     N
27  18.8  24.1  12:00a  12.2  11:08p  46.2   0.0  0.00   6.2  19.2  12:13a   NNW
28  17.6  23.4   1:58p  12.2  12:00a  47.4   0.0  0.00   6.2  17.0  12:35p   NNW
29  22.9  31.1   2:36p  18.1  12:56a  42.1   0.0  0.00   3.2  13.4   5:20a   WNW
30  24.3  31.3   6:55a  15.4  11:56p  40.7   0.0  0.00   2.4  10.3   2:53p   WSW
31  18.1  28.2   2:14p   6.6   7:47a  46.9   0.0  0.00   2.8  11.9   2:54p    SW
----------------------------------------------------------------------------------
    33.7  61.2    10     6.6    31   968.6   0.0  5.41   4.3  27.3    13     WSW

Max >=  80.0:  0
Max <=  32.0:  6
Min <=  32.0: 22
Min <=   0.0:  0
Max Rain: 2.05 on day 13
Days of Rain: 10 (>= 0.01 in)  7 (>= 0.10 in)  2 (>= 1.00 in)
Heat Base: 65.0  Cool Base: 65.0  Method: Integration