NOAA-Style Climate Reports

Select a Year or Month report
2017: Jan Feb Mar Apr May Jun Jul Aug Sep Oct Nov Dec
2016: Jan Feb Mar Apr May Jun Jul Aug Sep Oct Nov Dec
2015: Jan Feb Mar Apr May Jun Jul Aug Sep Oct Nov Dec

Report for 2015 November
                   Monthly Climatological Summary for Nov 2015

Name: Stonybrook South   City: Omaha   State: NE
Elevation: 1142 ft  Lat: N 41° 11' 25"   Lon: W 096° 07' 52"

                  Temperature (°F), Rain (in), Wind Speed (mph)

                                      Heat  Cool        Avg
    Mean                              Deg   Deg         Wind                 Dom
Day Temp  High   Time   Low    Time   Days  Days  Rain  Speed High   Time    Dir
----------------------------------------------------------------------------------
 1  56.8  76.1   3:39p  40.1   7:09a  10.6   2.0  0.00   3.0  14.5   3:19p     S
 2  63.2  80.8   2:36p  48.7   7:32a   5.4   3.6  0.00   3.9  14.5  11:56a     S
 3  59.9  75.7   3:24p  46.9   6:15a   7.0   1.9  0.00   5.8  20.6   1:13p    SE
 4  63.0  73.8   1:58p  55.0   3:07a   3.5   1.6  0.00   7.8  22.1   1:03p   SSE
 5  58.4  71.6  11:15a  41.2  11:58p   7.4   0.8  0.00   7.1  23.7   9:58a   SSW
 6  44.9  59.7   1:09p  32.7   5:35a  20.1   0.0  0.00   2.0  11.9   2:49p   WSW
 7  43.0  61.3  12:22p  26.6   7:12a  22.0   0.0  0.00   1.0   8.3   1:44p   SSW
 8  46.4  61.7   2:40p  30.7   4:36a  18.6   0.0  0.00   5.2  24.4  12:22p     S
 9  49.0  64.9   1:25p  34.3   7:15a  15.9   0.0  0.00   4.0  15.7   1:48p   SSE
10  47.7  56.8   3:26p  40.1   3:36a  17.3   0.0  0.00   2.6  12.5  11:11a    SE
11  43.3  48.0   2:02p  33.6   6:48p  21.4   0.0  0.80   5.8  28.4  11:25p   WNW
12  45.2  56.1   3:13p  37.8  11:41p  19.8   0.0  0.00   6.9  23.3   7:47a   WSW
13  42.6  58.6   3:29p  26.4   7:19a  22.4   0.0  0.00   1.8  13.0   2:01p     S
14  49.0  67.5   3:30p  30.7   5:40a  16.1   0.1  0.00   4.0  16.6   2:39p     S
15  52.6  62.6   1:39p  39.9   6:53a  12.4   0.0  0.00   6.7  21.7   2:40p   SSE
16  52.5  57.2  11:58p  50.0   6:09a  12.5   0.0  0.06   7.8  22.1   6:50a    SE
17  50.7  58.6  11:42a  42.4  11:36p  14.4   0.0  0.64   4.3  18.6   3:15p     N
18  42.6  48.9   7:47p  38.3  12:18p  22.4   0.0  0.00   5.8  25.9   8:38p    SW
19  38.5  48.7   2:54p  29.7  10:22p  26.5   0.0  0.00   6.5  27.3  11:31a   WSW
20  35.9  45.9  12:39p  29.8  12:47a  29.1   0.0  0.03   6.1  20.6  12:23p    NE
21  28.6  37.2  12:58p  21.2   7:26a  36.4   0.0  0.00   3.8  15.7  12:34a   WNW
22  35.4  49.5   3:38p  20.5   6:58a  29.6   0.0  0.00   3.8  16.6   3:38p   SSW
23  43.0  57.0   2:38p  27.5   6:02a  22.0   0.0  0.00   2.5  10.3   8:51p   ENE
24  45.7  56.3   2:34p  34.0   6:37a  19.3   0.0  0.00   5.2  17.0   1:23p    SE
25  49.8  60.6   2:32p  37.4  11:46p  15.1   0.0  0.00   6.1  18.1   7:07p   SSE
26  30.8  39.4   2:16a  23.9  11:54p  34.2   0.0  0.20   5.4  15.0   7:57p   NNW
27  21.5  23.9  12:00a  19.4   8:22a  43.5   0.0  0.00   4.8  16.1   6:34a   NNW
28  27.6  32.4   6:51p  23.2  12:00a  37.4   0.0  0.00   3.3   9.4   1:10a   NNE
29  31.5  35.6  12:34p  29.7  12:00a  33.2   0.0  0.01   2.8   7.8   7:37a    NE
30  32.7  39.9  11:51a  29.7  11:53p  32.3   0.0  0.15   2.5  11.4  11:20p    SE
----------------------------------------------------------------------------------
    44.4  80.8     2    19.4    27   627.8  10.0  1.89   4.6  28.4    11       S

Max >=  80.0:  1
Max <=  32.0:  1
Min <=  32.0: 14
Min <=   0.0:  0
Max Rain: 0.80 on day 11
Days of Rain: 7 (>= 0.01 in)  4 (>= 0.10 in)  0 (>= 1.00 in)
Heat Base: 65.0  Cool Base: 65.0  Method: Integration