NOAA-Style Climate Reports

Select a Year or Month report
2017: Jan Feb Mar Apr May Jun Jul Aug Sep Oct Nov Dec
2016: Jan Feb Mar Apr May Jun Jul Aug Sep Oct Nov Dec
2015: Jan Feb Mar Apr May Jun Jul Aug Sep Oct Nov Dec

Report for 2015 August
                   Monthly Climatological Summary for Aug 2015

Name: Stonybrook South   City: Omaha   State: NE
Elevation: 1142 ft  Lat: N 41° 11' 25"   Lon: W 096° 07' 52"

                  Temperature (°F), Rain (in), Wind Speed (mph)

                                      Heat  Cool        Avg
    Mean                              Deg   Deg         Wind                 Dom
Day Temp  High   Time   Low    Time   Days  Days  Rain  Speed High   Time    Dir
----------------------------------------------------------------------------------
 1  75.2  88.7   7:09p  64.8   5:35a   0.0  10.2  0.00   4.5  14.1   9:42a     S
 2  83.8  97.3   6:17p  71.2   5:59a   0.0  18.8  0.00   7.0  15.0   4:03p   SSW
 3  76.5  86.7   5:10p  68.4   6:25a   0.0  11.5  0.00   4.7  11.4   2:46a    NE
 4  71.7  83.5   3:03p  65.7  10:25a   0.0   6.7  0.21   5.7  13.4   1:04p     E
 5  73.9  86.2   6:44p  67.3   4:43a   0.0   8.9  0.00   3.4   8.9   2:25p   ESE
 6  72.9  82.9   4:03p  65.8   6:13a   0.0   7.9  0.00   5.4  19.7   1:44p   SSE
 7  81.5  97.7  10:54a  67.6   5:44a   0.0  16.5  0.00   4.1   7.8   1:07p   SSE
 8  79.3  89.6   2:18p  68.4   6:45a   0.0  14.3  0.24   3.1  12.5   3:43p   ESE
 9  79.7  92.7   3:21p  70.9   3:14a   0.0  14.7  1.51   2.1  11.0   1:22a    SE
10  75.2  86.0   4:14p  64.6  11:57p   0.0  10.2  0.00   3.2  15.0   2:40p     N
11  77.7  91.0  10:34a  60.3   6:27a   0.8  13.5  0.00   1.2   8.9   3:36p    NW
12  80.4  91.0   4:27a  61.7   6:32a   0.3  15.6  0.00   1.8  11.0   1:24p     S
13  77.6  90.3   2:35p  63.3   6:10a   0.1  12.7  0.00   3.6  14.5  10:53a     S
14  79.1  91.2   2:15p  66.9   6:37a   0.0  14.1  0.00   2.8  10.3   2:22p   SSE
15  77.6  90.0   2:42p  63.9   6:20a   0.0  12.7  0.00   3.8  15.7   3:03p   SSE
16  78.7  89.8   4:00p  66.9   6:49a   0.0  13.7  0.00   4.7  16.1  12:05p   SSE
17  71.3  75.9   5:01p  67.8  11:14p   0.0   6.3  0.96   1.4  10.3   1:00p   ENE
18  65.3  73.4   5:06p  55.9  11:58p   1.3   1.6  3.71   4.3  23.3   7:05p   WSW
19  63.2  76.1   4:58p  51.6   5:13a   4.8   3.0  0.00   5.7  20.6   2:00p   WSW
20  69.5  85.1   2:58p  52.3   5:09a   3.7   8.3  0.00   2.9  13.4   5:01p     S
21  72.2  85.3   3:26p  59.2   6:06a   1.1   8.4  0.00   5.7  20.1  12:53p   SSE
22  75.3  90.7   3:46p  65.3  11:57p   0.0  10.3  0.10   6.0  21.3  12:33p   SSE
23  64.2  74.7   4:28p  53.2   7:00a   3.6   2.7  0.00   4.5  18.6   4:16a   WSW
24  64.9  81.7   4:27p  46.2   7:00a   5.9   5.8  0.00   1.6  11.0  12:49p     W
25  67.4  81.7   4:40p  50.9   6:28a   3.9   6.3  0.00   1.2   7.4   2:37p    SE
26  69.1  80.2   3:18p  55.2   5:25a   2.5   6.6  0.00   2.4  14.1   3:02p   ESE
27  73.8  81.1   3:36p  63.7   7:47a   0.1   8.7  0.24   4.8  18.6   1:24p    SE
28  70.3  81.3   1:49p  62.8  11:42p   0.1   5.4  1.09   4.6  15.0   3:27a     S
29  64.9  72.0   4:49p  60.6   6:24a   1.7   1.6  0.00   2.4  10.3   3:13a   NNE
30  67.6  77.4   4:00p  60.8   3:22a   1.2   3.9  0.00   3.3  12.5   2:39p     S
31  75.2  87.6   3:13p  63.5   6:52a   0.2  10.4  0.00   2.6  13.4   3:13p   SSE
----------------------------------------------------------------------------------
    73.4  97.7     7    46.2    24    31.3 291.3  8.06   3.7  23.3    18     SSE

Max >=  80.0: 25
Max <=  32.0:  0
Min <=  32.0:  0
Min <=   0.0:  0
Max Rain: 3.71 on day 18
Days of Rain: 8 (>= 0.01 in)  8 (>= 0.10 in)  3 (>= 1.00 in)
Heat Base: 65.0  Cool Base: 65.0  Method: Integration