NOAA-Style Climate Reports

Select a Year or Month report
2017: Jan Feb Mar Apr May Jun Jul Aug Sep Oct Nov Dec
2016: Jan Feb Mar Apr May Jun Jul Aug Sep Oct Nov Dec
2015: Jan Feb Mar Apr May Jun Jul Aug Sep Oct Nov Dec

Report for 2015 July
                   Monthly Climatological Summary for Jul 2015

Name: Stonybrook South   City: Omaha   State: NE
Elevation: 1142 ft  Lat: N 41° 11' 25"   Lon: W 096° 07' 52"

                  Temperature (°F), Rain (in), Wind Speed (mph)

                                      Heat  Cool        Avg
    Mean                              Deg   Deg         Wind                 Dom
Day Temp  High   Time   Low    Time   Days  Days  Rain  Speed High   Time    Dir
----------------------------------------------------------------------------------
 1  76.4  88.9   2:00p  65.7   6:00a   0.0  11.4  0.26   4.0  14.5   8:00p   ENE
 2  67.3  71.6   5:30p  64.4   6:40a   0.0   2.3  0.42   3.1  10.4  12:50a   ENE
 3  71.9  84.6   4:10p  56.1   6:30a   0.0   6.9  0.00   1.8  10.9   2:10p   ESE
 4  72.5  84.9   2:10p  55.6   5:40a   0.0   7.5  0.00   2.6  10.9   1:40p    SE
 5  77.2  92.3   5:40p  67.5   5:40a   0.0  12.2  0.23   5.4  19.2  11:30p    SE
 6  74.0  78.8   1:30a  67.6  11:50p   0.0   9.0  0.92   3.6  17.6   5:00p    SE
 7  66.5  76.1   4:30p  55.0   6:30a   0.0   1.5  0.00   4.1  17.6  10:10a     E
 8  68.3  80.2   2:00p  52.3   4:40a   0.0   3.3  0.00   1.4   8.9   1:00p   ESE
 9  72.4  87.4   2:50p  56.3   6:10a   0.0   7.4  0.00   1.8   9.9   5:10p   SSE
10  72.7  82.0   3:30p  62.1   5:40a   0.0   7.7  0.00   3.6  16.1  11:40a    SE
11  81.7  95.0   6:50p  70.2   4:30a   0.0  16.7  0.03   3.4  13.5   1:30p    SE
12  86.2  97.9   6:10p  73.4   6:30a   0.0  21.2  0.00   3.4  12.5   4:50p   SSE
13  87.3  99.5  12:30p  74.8  11:50p   0.0  22.3  0.10   2.1  10.4   2:10p   SSW
14  85.0  99.5   1:30p  70.0   5:10a   0.0  20.0  0.00   2.1   8.9   2:30p   ESE
15  76.8  82.2   5:20p  73.9   6:30a   0.0  11.8  0.08   3.4  15.0  10:50a   ENE
16  80.9  93.7   7:10p  69.6   4:10a   0.0  15.9  0.49   3.3  14.5   2:50a     S
17  86.1  99.5   3:40p  69.3   6:30a   0.0  21.1  0.00   3.6  16.1   4:30p   SSE
18  83.0  95.0  10:30a  69.6   5:50a   0.0  18.0  0.01   3.1  19.7  12:30a    SE
19  79.7  89.1   3:20p  72.1   8:30a   0.0  14.7  0.00   3.1  12.5  11:40a     E
20  79.7  91.0   2:20p  67.3  11:50p   0.0  14.7  0.00   3.1  17.6   5:20p     S
21  75.2  88.2   3:40p  61.2   4:10a   0.0  10.2  0.00   1.9  10.9   2:00p   ESE
22  73.4  85.8   4:30p  61.0   6:40a   0.0   8.4  0.00   2.3  10.9   1:10p    SE
23  78.5  91.9   3:40p  63.0   5:40a   0.0  13.5  0.00   3.6  13.5   6:40p    SE
24  85.0 101.1   3:30p  73.8   4:30a   0.0  20.0  0.00   4.0  15.6   8:00p   SSE
25  77.6  88.5   2:00p  69.6   4:20a   0.0  12.6  0.19   3.3  26.4   1:20a   SSE
26  88.2  95.2   3:05p  79.3  11:57p   0.0  12.3  0.70   2.9   8.9  11:31a    SE
27  81.8  91.6   4:11p  75.9  11:56p   0.0  16.8  0.00   3.4  12.5   4:46p   ESE
28  79.9  93.7   4:35p  72.7   9:29a   0.0  14.9  0.17   4.8  15.0   7:50p     E
29  75.8  89.6   2:53p  62.2   3:51a   0.4  11.2  0.00   1.9  10.3  12:47p     W
30  76.8  93.2   4:14p  58.1   5:18a   1.3  13.2  0.00   2.0  11.0  12:01p   SSW
31  80.3  95.7   2:12p  65.8   6:35a   0.0  15.3  0.96   2.5  21.7   4:26a   SSW
----------------------------------------------------------------------------------
    78.0 101.1    24    52.3     8     1.7 394.0  4.56   3.0  26.4    25      SE

Max >=  80.0: 28
Max <=  32.0:  0
Min <=  32.0:  0
Min <=   0.0:  0
Max Rain: 0.96 on day 31
Days of Rain: 13 (>= 0.01 in)  10 (>= 0.10 in)  0 (>= 1.00 in)
Heat Base: 65.0  Cool Base: 65.0  Method: Integration