NOAA-Style Climate Reports

Select a Year or Month report
2018: Jan Feb Mar Apr May Jun Jul Aug Sep Oct Nov Dec
2017: Jan Feb Mar Apr May Jun Jul Aug Sep Oct Nov Dec
2016: Jan Feb Mar Apr May Jun Jul Aug Sep Oct Nov Dec
2015: Jan Feb Mar Apr May Jun Jul Aug Sep Oct Nov Dec

Report for 2018 February
                   Monthly Climatological Summary for Feb 2018

Name: Stoneybrook South   City: Omaha   State: NE
Elevation: 1160 ft  Lat: N 41 11 25   Lon: W 096 07 49

                  Temperature (°F), Rain (in), Wind Speed (mph)

                                      Heat  Cool        Avg
    Mean                              Deg   Deg         Wind                 Dom
Day Temp  High   Time   Low    Time   Days  Days  Rain  Speed High   Time    Dir
----------------------------------------------------------------------------------
01  16.0  33.5 12:00AM   9.1 11:27PM  49.1   0.0  0.00   5.3  27.0  1:01AM    NW
02  20.5  33.7  2:10PM   6.0  3:08AM  44.5   0.0  0.00   4.9  27.0  1:35PM   SSE
03  37.4  51.0  4:07PM  23.2 11:59PM  27.6   0.0  0.00   6.2  23.0 12:01PM   SSW
04  10.6  23.3 12:00AM   2.3 11:29PM  54.4   0.0  0.00   5.1  25.0  9:54AM    NW
05  10.1  15.7  4:09PM   2.4 12:12AM  54.9   0.0  0.00   4.8  27.0 10:19AM     S
06   6.7  10.4  2:07PM  -0.3  6:09AM  58.3   0.0  0.00   1.8  12.0  1:08AM     E
07  13.0  19.5  1:48PM   4.5 12:12AM  52.0   0.0  0.04   2.7  15.0  8:01AM     W
08  20.3  26.1  3:22PM  11.3  5:50AM  44.7   0.0  0.01   3.6  16.0 11:23PM    NE
09  14.1  20.9 12:00AM   6.8 10:15PM  50.9   0.0  0.00   5.6  21.0  3:32AM     N
10   8.8  13.2  2:34PM   5.4  7:19AM  56.2   0.0  0.00   2.9  14.0  3:08AM    NW
11  13.2  25.3  3:44PM   4.5  6:55AM  51.8   0.0  0.06   2.2  13.0 12:58PM    SW
12  14.2  20.3  1:49PM   7.2  5:13AM  50.8   0.0  0.00   4.9  18.0 11:57AM   ENE
13  28.6  41.1  3:26PM  18.5 12:00AM  36.4   0.0  0.05   4.7  22.0  2:00PM   SSE
14  34.6  45.8  2:03PM  22.5  5:00AM  30.4   0.0  0.00   2.4  19.0  1:48PM     S
15  36.8  44.9 12:57PM  23.5 11:57PM  28.2   0.0  0.00   3.9  29.0  9:39PM   NNW
16  21.4  31.6  4:44PM  11.2  7:04AM  43.6   0.0  0.00   4.8  22.0  2:56AM   WSW
17  35.0  47.9  2:49PM  26.8 12:00AM  30.0   0.0  0.00   3.8  23.0  2:04PM   WSW
18  43.2  56.5  1:37PM  28.9  1:05AM  21.8   0.0  0.00   8.0  38.0 12:07PM   SSE
19  25.0  36.4 12:00AM  21.2  9:06PM  40.0   0.0  0.05   4.6  21.0  8:19AM   NNW
20  17.4  22.0 12:24AM  11.0 11:59PM  47.6   0.0  0.00   5.3  21.0  7:53AM    NW
21  17.6  26.6  4:05PM   8.3  5:44AM  47.4   0.0  0.01   3.4  13.0  4:27PM   NNE
22  26.0  30.5  8:40PM  21.4  1:14AM  39.0   0.0  0.00   3.1  12.0  9:06AM     E
23  26.2  30.3 12:00AM  21.3 11:45PM  38.8   0.0  0.18   3.2  12.0  1:42PM   NNW
24  25.8  28.9  3:05PM  21.0  2:15AM  38.7   0.0  0.00   3.5  15.0  1:34AM   NNW
25  31.2  43.4  4:24PM  20.6  6:02AM  33.8   0.0  0.13   3.5  16.0 12:21AM   SSW
26  39.5  56.4  3:53PM  23.1  5:47AM  25.5   0.0  0.00   4.5  28.0  4:01PM     S
27  46.0  61.2  3:37PM  34.7 11:59PM  19.0   0.0  0.00   4.2  21.0 12:02PM     S
28  35.4  46.1  4:12PM  28.6  6:11AM  29.6   0.0  0.00   3.4  16.0  3:06PM   NNW
----------------------------------------------------------------------------------
    24.1  61.2    27    -0.3     6  1145.0   0.0  0.53   4.2  38.0    18       W

Max >=  80.0  0
Max <=  32.0 15
Min <=  32.0 27
Min <=   0.0  1
Max Rain: 0.18 on day 23
Days of Rain: 8 (>= 0.01 in)  8 (>= 0.01 in)  0 (>= 1.00 in)
Heat Base: 65.0  Cool Base: 65.0  Method: Integration