NOAA-Style Climate Reports

Select a Year or Month report
2018: Jan Feb Mar Apr May Jun Jul Aug Sep Oct Nov Dec
2017: Jan Feb Mar Apr May Jun Jul Aug Sep Oct Nov Dec
2016: Jan Feb Mar Apr May Jun Jul Aug Sep Oct Nov Dec
2015: Jan Feb Mar Apr May Jun Jul Aug Sep Oct Nov Dec

Report for 2018 January
                   Monthly Climatological Summary for Jan 2018

Name: Stoneybrook South   City: Omaha   State: NE
Elevation: 1160 ft  Lat: N 41 11 25   Lon: W 096 07 49

                  Temperature (°F), Rain (in), Wind Speed (mph)

                                      Heat  Cool        Avg
    Mean                              Deg   Deg         Wind                 Dom
Day Temp  High   Time   Low    Time   Days  Days  Rain  Speed High   Time    Dir
----------------------------------------------------------------------------------
01  -6.5   5.0  3:20PM -13.3  7:08AM  71.5   0.0  0.00   1.8  10.0 12:06AM     W
02   7.5  24.6 11:36PM  -8.4  2:37AM  57.5   0.0  0.00   5.1  23.0 12:43PM   SSW
03  14.0  24.4 12:00AM   4.7 11:59PM  51.0   0.0  0.00   4.0  24.0  4:26AM    NW
04   8.6  16.1  3:59PM   1.1  4:26AM  56.4   0.0  0.00   2.6  13.0 12:59PM   ESE
05  13.9  17.2  2:27PM  11.2 11:53PM  50.5   0.0  0.00   4.1  13.0  2:41PM    NE
06  13.9  20.4 11:54PM   7.7  8:10AM  51.0   0.0  0.00   4.9  19.0  1:52PM   ESE
07  29.3  37.7  1:03PM  19.9  1:50AM  35.7   0.0  0.02   2.6  15.0  8:45PM   SSW
08  33.7  48.3  3:59PM  21.7  7:08AM  31.3   0.0  0.02   1.9  13.0 11:21AM     S
09  37.9  46.2  3:26PM  31.1  4:45AM  27.1   0.0  0.00   5.0  19.0  3:11PM    SE
10  41.0  51.8  3:57PM  35.0  1:53AM  24.0   0.0  0.01   4.7  22.0  2:39PM   SSE
11  14.6  37.4 12:00AM   6.5 11:51PM  50.4   0.0  0.01   8.3  28.0  3:46AM    NW
12   7.3  12.9  6:43PM   0.2  7:56AM  57.7   0.0  0.00   4.1  20.0 12:16AM   NNW
13  11.2  13.8 11:50PM   8.9  5:56AM  53.8   0.0  0.00   3.0  13.0 10:18PM   ESE
14  20.8  31.0  8:40PM  13.6  1:17AM  44.2   0.0  0.00   5.7  24.0 11:01PM     S
15   4.6  18.3 12:00AM  -1.9 11:04PM  60.4   0.0  0.00   6.9  27.0  9:43AM    NW
16   3.5  13.6  2:56PM  -2.6  6:12AM  61.5   0.0  0.00   3.3  21.0  4:29AM    NW
17  15.0  30.7  3:00PM   1.0  5:37AM  50.0   0.0  0.00   4.8  23.0 10:58AM     S
18  26.3  37.8  1:46PM  16.9  6:06AM  38.7   0.0  0.01   4.4  22.0 12:02PM     S
19  36.3  49.0  2:04PM  25.3 12:37AM  28.7   0.0  0.00   4.2  17.0  9:21AM     S
20  37.2  48.8  2:31PM  25.0  7:40AM  27.8   0.0  0.00   1.1   9.0  1:45PM   ESE
21  39.4  41.8 12:00AM  36.8 11:52PM  25.6   0.0  0.10   4.4  19.0  6:44PM   NNE
22  31.7  36.8 12:00AM  27.1 11:51PM  33.3   0.0  0.12   6.3  28.0 12:21PM   NNW
23  23.5  27.1 12:00AM  18.0 11:39PM  41.5   0.0  0.00   3.5  25.0 12:22AM   WNW
24  27.0  39.2  4:31PM  15.9  7:23AM  38.0   0.0  0.17   1.9  10.0  1:08PM   SSE
25  36.0  48.2  4:21PM  22.0  7:42AM  29.0   0.0  0.10   3.1  22.0 10:49PM    SE
26  42.7  53.4  2:05PM  34.5 11:58PM  22.3   0.0  0.00   6.1  28.0 10:56AM   SSW
27  34.0  46.0  1:42PM  24.8  8:01AM  31.0   0.0  0.00   2.7  17.0 12:50PM    SW
28  22.7  33.0  1:10AM  11.8 11:57PM  42.3   0.0  0.00   4.5  21.0  2:18AM   NNW
29  17.3  28.4  4:13PM   9.3  4:58AM  47.7   0.0  0.00   2.4  14.0  1:04AM   WNW
30  33.6  45.5  3:25PM  19.9 12:00AM  31.4   0.0  0.00   6.5  30.0 11:55AM   SSE
31  37.8  41.3 12:57AM  33.5  7:24AM  27.2   0.0  0.00   3.2  21.0 11:18PM     W
----------------------------------------------------------------------------------
    23.1  53.4    26   -13.3     1  1298.5   0.0  0.56   4.1  30.0    30     SSW

Max >=  80.0  0
Max <=  32.0 14
Min <=  32.0 27
Min <=   0.0  4
Max Rain: 0.17 on day 24
Days of Rain: 9 (>= 0.01 in)  9 (>= 0.01 in)  0 (>= 1.00 in)
Heat Base: 65.0  Cool Base: 65.0  Method: Integration