NOAA-Style Climate Reports

Select a Year or Month report
2018: Jan Feb Mar Apr May Jun Jul Aug Sep Oct Nov Dec
2017: Jan Feb Mar Apr May Jun Jul Aug Sep Oct Nov Dec
2016: Jan Feb Mar Apr May Jun Jul Aug Sep Oct Nov Dec
2015: Jan Feb Mar Apr May Jun Jul Aug Sep Oct Nov Dec

Report for 2017 December
                   Monthly Climatological Summary for Dec 2017

Name: Stoneybrook South   City: Omaha   State: NE
Elevation: 1160 ft  Lat: N 41 11 25   Lon: W 096 07 49

                  Temperature (°F), Rain (in), Wind Speed (mph)

                                      Heat  Cool        Avg
    Mean                              Deg   Deg         Wind                 Dom
Day Temp  High   Time   Low    Time   Days  Days  Rain  Speed High   Time    Dir
----------------------------------------------------------------------------------
01  44.0  59.1  2:49PM  30.7  1:21AM  20.9   0.0  0.00   4.2  26.0 11:37AM     S
02  41.7  58.2  2:51PM  28.2  7:33AM  23.3   0.0  0.00   1.2   9.0  3:44AM   WNW
03  47.3  58.5  1:32PM  32.7  4:32AM  17.7   0.0  0.00   3.7  18.0  7:39PM    SE
04  48.0  62.3  6:05AM  28.6 11:57PM  17.0   0.0  0.00   8.8  37.0  5:18PM   WSW
05  34.9  43.5  3:08PM  24.2  7:09AM  30.1   0.0  0.00   7.0  29.0 11:50AM   WSW
06  31.5  43.2 11:47AM  18.3 11:58PM  33.5   0.0  0.00   6.1  27.0  8:20PM   WNW
07  19.1  27.5  2:28PM  13.0  7:52AM  45.9   0.0  0.00   4.1  16.0  3:36AM     W
08  27.5  36.4 11:24AM  18.7 12:22AM  37.5   0.0  0.00   3.1  19.0 11:40AM     W
09  30.6  37.6  3:27PM  24.4  9:01PM  34.4   0.0  0.00   3.5  17.0 12:08AM   WNW
10  40.0  55.2  2:49PM  27.5  3:22AM  25.0   0.0  0.00   2.6  18.0 10:56AM     W
11  39.5  48.8 10:38AM  25.7 11:59PM  25.5   0.0  0.00   6.7  31.0 10:04AM   WNW
12  29.4  43.6  3:45PM  16.1  8:03AM  35.6   0.0  0.00   2.9  15.0  1:55AM   SSW
13  44.0  51.7  2:03PM  36.6  4:30AM  20.9   0.0  0.00   6.8  29.0 10:21AM   WNW
14  37.4  41.6  1:19PM  34.1  4:15AM  27.6   0.0  0.00   2.8  16.0 12:51AM   WNW
15  37.7  48.9  3:37PM  30.6  8:07AM  27.2   0.0  0.00   5.0  29.0  2:14PM   SSW
16  42.3  55.7  1:55PM  30.4  8:06AM  22.7   0.0  0.00   2.8  18.0 12:44AM     N
17  32.7  39.9  2:46PM  26.6 11:54PM  32.3   0.0  0.00   2.3  13.0  7:50AM     N
18  38.2  54.8  2:53PM  22.9  3:13AM  26.8   0.0  0.00   3.9  20.0  2:00PM   SSW
19  40.6  49.2  2:46PM  32.1 11:59PM  24.4   0.0  0.00   3.0  19.0  8:23AM     N
20  36.0  43.9  2:52PM  27.9  7:09AM  29.0   0.0  0.00   5.3  21.0  9:03PM   ESE
21  33.2  41.7  7:26AM  22.9 11:49PM  31.8   0.0  0.05   4.1  20.0  2:26PM     N
22  23.2  30.8  3:00PM  19.2  8:08AM  41.8   0.0  0.02   2.4  15.0 10:12PM    NW
23  19.9  23.3  2:30PM  16.1  6:34AM  45.1   0.0  0.00   2.6  15.0  4:07AM   NNW
24  17.4  23.5  2:10PM   9.8 11:54PM  47.6   0.0  0.01   3.9  17.0  1:52PM   WSW
25  10.1  14.6 10:03AM   3.5 11:58PM  54.9   0.0  0.00   3.6  19.0 11:23AM    NW
26   3.0   8.1  1:17PM  -3.5 11:56PM  62.0   0.0  0.00   2.0  13.0 11:57AM    NW
27   0.8   6.9 11:13PM  -7.1  4:26AM  64.2   0.0  0.00   3.6  15.0  7:01PM    SE
28  15.5  24.9  2:39PM   6.9 12:00AM  49.5   0.0  0.00   4.4  18.0  1:12AM   SSE
29  13.8  18.4  2:18PM   6.5 11:34PM  51.2   0.0  0.00   3.7  15.0  8:40PM   NNE
30   4.1   6.6 12:00AM  -1.1 11:57PM  60.9   0.0  0.00   4.4  17.0 12:51AM     N
31  -5.1  -0.7  1:22PM -10.9 11:59PM  70.1   0.0  0.00   4.0  17.0  1:07PM    NW
----------------------------------------------------------------------------------
    28.3  62.3     4   -10.9    31  1136.4   0.0  0.08   4.0  37.0     4       W

Max >=  80.0  0
Max <=  32.0 11
Min <=  32.0 27
Min <=   0.0  4
Max Rain: 0.05 on day 21
Days of Rain: 3 (>= 0.01 in)  3 (>= 0.01 in)  0 (>= 1.00 in)
Heat Base: 65.0  Cool Base: 65.0  Method: Integration