NOAA-Style Climate Reports

Select a Year or Month report
2017: Jan Feb Mar Apr May Jun Jul Aug Sep Oct Nov Dec
2016: Jan Feb Mar Apr May Jun Jul Aug Sep Oct Nov Dec
2015: Jan Feb Mar Apr May Jun Jul Aug Sep Oct Nov Dec

Report for 2017 July
                   Monthly Climatological Summary for Jul 2017

Name: Stoneybrook South   City: Omaha   State: NE
Elevation: 1160 ft  Lat: N 41 11 25   Lon: W 096 07 49

                  Temperature (°F), Rain (in), Wind Speed (mph)

                                      Heat  Cool        Avg
    Mean                              Deg   Deg         Wind                 Dom
Day Temp  High   Time   Low    Time   Days  Days  Rain  Speed High   Time    Dir
----------------------------------------------------------------------------------
01  71.7  84.8  5:26PM  57.7  5:08AM   2.0   8.7  0.00   1.3  14.0  6:05PM     S
02  72.7  83.3  4:55PM  66.2  5:50AM   0.0   7.7  0.12   1.3  14.0  9:05AM     S
03  77.2  88.9  4:18PM  69.2  5:06AM   0.0  12.2  0.00   1.8  22.0  5:36PM    SE
04  76.3  85.8  2:04PM  68.4  5:52AM   0.0  11.3  0.00   2.2  24.0  2:13PM    SE
05  77.5  88.5  5:08PM  65.9  6:27AM   0.0  12.5  0.01   1.2  11.0  1:35PM     S
06  82.1  93.4  4:52PM  70.4  6:02AM   0.0  17.1  0.00   2.9  18.0 11:44AM   SSW
07  77.1  83.6  5:40PM  68.5 11:57PM   0.0  12.1  0.00   2.0  16.0 12:15PM     N
08  75.3  87.7  4:53PM  62.1  6:08AM   0.3  10.6  0.00   1.3  13.0  3:38PM   SSE
09  82.0  93.0  4:40PM  69.5  6:23AM   0.0  17.0  0.00   3.9  22.0  1:27PM   SSE
10  84.3  92.3  5:39PM  77.1  6:19AM   0.0  19.3  0.00   3.3  25.0 12:06AM    SW
11  82.9  93.6  5:08PM  72.1  6:24AM   0.0  17.9  0.00   4.0  21.0 12:52PM    SE
12  79.3  84.7  2:35PM  72.9 11:33PM   0.0  14.3  0.07   2.4  24.0  2:37AM     S
13  76.1  86.0  5:58PM  69.1  5:27AM   0.0  11.1  0.24   0.9   9.0  6:01PM    NE
14  77.2  87.1  5:25PM  67.6  6:33AM   0.0  12.2  0.00   1.7  11.0  8:19AM    SE
15  80.8  91.8  4:14PM  69.0  6:05AM   0.0  15.8  0.00   2.2  14.0  1:37PM     S
16  83.1  94.6  4:14PM  70.7  5:35AM   0.0  18.1  0.00   1.6  14.0  4:08PM   SSW
17  82.3  91.1  3:10PM  71.2  6:16AM   0.0  17.3  0.01   3.0  18.0  3:56PM   SSE
18  80.8  87.5  3:57PM  74.1  6:27AM   0.0  15.8  0.01   2.8  19.0 12:35PM   SSE
19  84.8  94.1  6:14PM  77.4  6:49AM   0.0  19.8  0.00   5.4  26.0  5:00PM   SSE
20  86.2  94.1  3:13PM  77.8  6:29AM   0.0  21.2  0.00   2.2  11.0  9:19AM   SSE
21  88.8 100.2  5:27PM  77.6  5:59AM   0.0  23.6  0.01   4.2  23.0 10:42AM     S
22  83.6  92.0  2:03PM  76.0 11:58PM   0.0  18.6  0.00   2.5  15.0  5:26PM   NNW
23  78.9  89.1  3:15PM  68.9  6:39AM   0.0  13.9  0.00   1.6  14.0  2:47PM     N
24  75.6  84.9  3:57PM  64.7  5:39AM   0.0  10.6  0.00   2.7  14.0  1:49PM    SE
25  81.9  94.8  3:44PM  70.8  6:06AM   0.0  16.9  0.00   5.6  22.0  6:11PM    SE
26  75.3  81.6 12:00AM  71.3  6:57AM   0.0  10.3  1.07   2.3  23.0  5:39AM    SE
27  75.8  83.7  3:20PM  66.5  6:30AM   0.0  10.6  0.00   2.1  14.0  2:11PM   NNE
28  74.9  82.7  3:20PM  66.7  5:53AM   0.0   9.9  0.00   1.3  12.0  3:55PM   ENE
29  75.1  82.9  4:46PM  67.3  6:39AM   0.0  10.1  0.00   2.2  15.0  1:03PM    SE
30  74.1  83.0  2:58PM  65.1  6:50AM   0.0   9.1  0.00   1.6  11.0 12:00PM    SE
31  73.0  82.0  4:21PM  63.7  5:18AM   0.1   8.1  0.00   1.5  11.0 11:05AM   SSE
----------------------------------------------------------------------------------
    78.9 100.2    21    57.7     1     2.4 433.7  1.54   2.4  26.0    19     SSE

Max >=  80.0 31
Max <=  32.0  0
Min <=  32.0  0
Min <=   0.0  0
Max Rain: 1.07 on day 26
Days of Rain: 8 (>= 0.01 in)  8 (>= 0.01 in)  1 (>= 1.00 in)
Heat Base: 65.0  Cool Base: 65.0  Method: Integration