NOAA-Style Climate Reports

Select a Year or Month report
2017: Jan Feb Mar Apr May Jun Jul Aug Sep Oct Nov Dec
2016: Jan Feb Mar Apr May Jun Jul Aug Sep Oct Nov Dec
2015: Jan Feb Mar Apr May Jun Jul Aug Sep Oct Nov Dec

Report for 2017 April
                   Monthly Climatological Summary for Apr 2017

Name: Stoneybrook South   City: Omaha   State: NE
Elevation: 1160 ft  Lat: N 41 11 25   Lon: W 096 07 49

                  Temperature (°F), Rain (in), Wind Speed (mph)

                                      Heat  Cool        Avg
    Mean                              Deg   Deg         Wind                 Dom
Day Temp  High   Time   Low    Time   Days  Days  Rain  Speed High   Time    Dir
----------------------------------------------------------------------------------
01  44.0  47.3  3:02PM  41.4  8:04AM  21.0   0.0  0.00   2.7  14.0  1:54PM   ENE
02  48.4  53.0  5:29PM  44.5  4:04AM  16.6   0.0  0.03   1.6  12.0  6:10PM    SE
03  52.2  60.1  4:55PM  48.3 11:56PM  12.8   0.0  0.05   2.4  15.0  1:59PM    NW
04  52.0  58.7  5:46PM  46.4  2:06AM  13.0   0.0  0.01   4.4  21.0  6:01PM     N
05  50.9  60.3  3:52PM  44.6  7:00AM  14.1   0.0  0.00   3.9  22.0  1:27PM   NNW
06  47.9  58.2  4:56PM  37.1  7:13AM  17.1   0.0  0.00   3.6  19.0 11:57AM    NW
07  50.0  63.6  3:03PM  32.2  6:49AM  15.0   0.0  0.00   4.9  26.0  6:39PM   SSE
08  62.0  76.2  3:42PM  47.8  7:18AM   5.8   2.7  0.00   5.9  24.0 11:18AM   SSE
09  66.0  79.2  3:36PM  55.3 11:57PM   2.6   3.5  0.07   4.7  28.0  9:16PM     S
10  46.5  55.8 12:39PM  36.9 11:42PM  18.5   0.0  0.00   4.4  22.0  3:58PM   WNW
11  46.3  63.1  5:24PM  29.2  7:20AM  18.7   0.0  0.00   2.7  14.0  6:33PM     S
12  58.0  71.0  6:07PM  48.3  2:55AM   7.9   0.9  0.10   4.4  25.0  2:02PM   SSE
13  65.5  77.2  4:29PM  50.6  6:14AM   3.7   4.1  0.00   1.7  15.0  5:16PM   ESE
14  64.4  71.4  9:58PM  60.6  7:08AM   1.7   1.1  0.33   4.6  22.0 10:31PM    SE
15  67.2  77.0  4:56PM  58.2  5:58AM   1.6   3.7  0.03   3.8  22.0  1:42AM     S
16  59.9  69.8  3:52PM  49.4  7:02AM   5.9   0.8  0.00   2.9  16.0  2:10AM   NNE
17  59.4  72.6  4:16PM  45.2  3:38AM   7.3   1.7  0.00   2.1  16.0 12:20PM    SE
18  63.4  71.7  5:01PM  56.4  8:52AM   3.2   1.6  0.22   4.2  24.0  3:25AM     S
19  60.5  79.5  4:06PM  50.0 11:17PM   6.8   2.3  0.42   5.2  24.0  4:42PM   ENE
20  53.3  62.6  5:07PM  47.3 11:58PM  11.7   0.0  0.00   4.6  20.0 11:52AM   WNW
21  50.5  57.5  3:14PM  42.4  2:06AM  14.4   0.0  0.00   3.5  19.0  2:09PM    NE
22  55.1  67.4  4:40PM  42.5  5:49AM  10.2   0.2  0.00   2.1  18.0 12:49PM   NNE
23  56.7  72.0  3:53PM  38.1  6:40AM   9.9   1.6  0.00   4.0  26.0  4:27PM     S
24  62.4  74.5  5:27PM  51.0  3:00AM   5.1   2.6  0.00   7.9  35.0 10:36AM   SSE
25  49.4  60.0 12:00AM  41.4 11:56PM  15.6   0.0  0.08   3.4  18.0 10:45AM   NNW
26  39.7  43.1  4:25PM  35.9  6:12AM  25.3   0.0  0.00   5.0  24.0 12:15AM    NW
27  46.4  58.9  5:17PM  36.3  6:33AM  18.5   0.0  0.00   2.5  14.0 12:25PM     W
28  41.9  51.7 12:04AM  37.4  8:19AM  23.2   0.0  0.39   4.9  20.0  7:38PM    NE
29  42.8  45.4 12:24PM  39.7 11:57PM  22.2   0.0  0.06   6.4  28.0  2:27PM   NNE
30  40.3  43.3  2:18PM  37.8  6:18AM  24.7   0.0  0.70   6.4  34.0 12:16PM   NNE
----------------------------------------------------------------------------------
    53.4  79.5    19    29.2    11   374.1  26.8  2.49   4.0  35.0    24       E

Max >=  80.0  0
Max <=  32.0  0
Min <=  32.0  1
Min <=   0.0  0
Max Rain: 0.70 on day 30
Days of Rain: 13 (>= 0.01 in)  13 (>= 0.01 in)  0 (>= 1.00 in)
Heat Base: 65.0  Cool Base: 65.0  Method: Integration