NOAA-Style Climate Reports

Select a Year or Month report
2017: Jan Feb Mar Apr May Jun Jul Aug Sep Oct Nov Dec
2016: Jan Feb Mar Apr May Jun Jul Aug Sep Oct Nov Dec
2015: Jan Feb Mar Apr May Jun Jul Aug Sep Oct Nov Dec

Report for 2017 March
                   Monthly Climatological Summary for Mar 2017

Name: Stoneybrook South   City: Omaha   State: NE
Elevation: 1160 ft  Lat: N 41 11 25   Lon: W 096 07 49

                  Temperature (°F), Rain (in), Wind Speed (mph)

                                      Heat  Cool        Avg
    Mean                              Deg   Deg         Wind                 Dom
Day Temp  High   Time   Low    Time   Days  Days  Rain  Speed High   Time    Dir
----------------------------------------------------------------------------------
01  35.8  43.2  4:12PM  26.4 11:58PM  29.2   0.0  0.00   5.4  26.0  2:55PM   WNW
02  32.1  46.0  3:43PM  21.4  4:55AM  32.9   0.0  0.00   2.7  19.0  3:52PM   NNW
03  35.5  52.5  4:57PM  21.2  4:50AM  29.5   0.0  0.00   5.2  32.0  2:17PM    SE
04  50.3  72.2  2:32PM  27.5  7:12AM  15.7   1.1  0.01   5.4  29.0  4:56PM   SSE
05  57.6  66.5  3:50PM  51.2  3:08AM   7.4   0.0  0.00   8.5  30.0  4:05PM   SSE
06  61.1  77.3  2:35PM  38.6 11:54PM   6.1   2.2  0.15  13.1  46.0  1:28PM   SSW
07  43.3  56.9  2:51PM  33.8  7:25AM  21.6   0.0  0.00   7.3  30.0  1:34PM   WSW
08  43.7  56.8  3:55PM  29.9  6:14AM  21.3   0.0  0.00   2.7  17.0  3:19AM   WSW
09  38.8  50.3  3:36PM  27.9 11:59PM  26.1   0.0  0.00   6.6  22.0  6:31PM    NE
10  23.0  27.9 12:00AM  17.3  7:15AM  42.0   0.0  0.00   4.8  21.0 12:16AM   NNE
11  26.0  30.9  5:14PM  21.7  6:34AM  39.0   0.0  0.00   3.9  13.0 12:56AM    NE
12  31.8  40.9  2:23PM  24.8  3:24AM  31.8   0.0  0.02   6.1  29.0  2:04PM    SE
13  24.6  30.5 12:00AM  21.2 11:16AM  40.4   0.0  0.00   5.8  25.0  5:32AM   NNW
14  24.6  31.6  4:59PM  19.7  7:34AM  40.4   0.0  0.02   3.1  12.0  2:57PM    NE
15  28.3  39.5  4:18PM  19.7  5:01AM  36.7   0.0  0.00   5.6  22.0  4:00PM    SE
16  47.1  66.1  5:09PM  31.0  3:29AM  17.9   0.0  0.00   6.7  29.0  3:44PM    SE
17  54.3  69.0  2:37PM  44.3 11:59PM  10.9   0.3  0.00   4.3  23.0  2:20PM    NW
18  44.2  58.2  4:43PM  32.3  7:20AM  20.8   0.0  0.00   2.4  12.0 12:00AM     N
19  60.6  83.2  5:10PM  42.1  4:40AM   8.6   4.2  0.00   4.9  24.0 11:31AM    SE
20  57.9  67.5  2:36PM  48.1  8:29AM   7.3   0.2  0.00   5.5  20.0  9:46AM   NNE
21  45.2  51.2 12:00AM  38.0 11:07AM  19.8   0.0  0.00   5.4  24.0  8:51AM   NNE
22  40.8  49.6  4:20PM  31.7  8:37AM  24.2   0.0  0.00   6.2  23.0  2:12PM     E
23  57.8  75.1  4:44PM  44.1  5:52AM   9.6   2.4  0.00   7.9  45.0 11:16PM    SE
24  50.8  69.6 12:56AM  41.2 11:07PM  14.7   0.5  0.47   5.5  34.0 12:00AM   NNE
25  40.9  42.4  3:18PM  39.2  8:18AM  24.1   0.0  0.32   4.5  23.0  2:46AM     N
26  43.9  49.6  4:44PM  39.6  5:02AM  21.1   0.0  0.00   1.7  11.0 12:04AM   NNW
27  47.4  50.5  4:04PM  43.9  6:34AM  17.6   0.0  0.01   1.8  11.0  6:56AM   NNE
28  46.5  49.1  5:36PM  42.0  3:30AM  18.5   0.0  0.00   3.1  15.0 11:05PM   ENE
29  43.9  48.3 12:00AM  40.8  8:09PM  21.1   0.0  0.93   7.9  29.0  5:00PM    NE
30  42.0  44.9  4:54PM  40.3  6:00AM  23.0   0.0  0.01   4.7  18.0  4:00AM     N
31  46.5  55.9  3:06PM  40.1  2:53AM  18.5   0.0  0.00   3.0  17.0  2:09PM     N
----------------------------------------------------------------------------------
    42.8  83.2    19    17.3    10   697.8  10.9  1.94   5.2  46.0     6     ENE

Max >=  80.0  1
Max <=  32.0  4
Min <=  32.0 14
Min <=   0.0  0
Max Rain: 0.93 on day 29
Days of Rain: 9 (>= 0.01 in)  9 (>= 0.01 in)  0 (>= 1.00 in)
Heat Base: 65.0  Cool Base: 65.0  Method: Integration