NOAA-Style Climate Reports

Select a Year or Month report
2017: Jan Feb Mar Apr May Jun Jul Aug Sep Oct Nov Dec
2016: Jan Feb Mar Apr May Jun Jul Aug Sep Oct Nov Dec
2015: Jan Feb Mar Apr May Jun Jul Aug Sep Oct Nov Dec

Report for 2017 February
                   Monthly Climatological Summary for Feb 2017

Name: Stoneybrook South   City: Omaha   State: NE
Elevation: 1153 ft  Lat: N 41 11 25   Lon: W 096 07 51

                  Temperature (°F), Rain (in), Wind Speed (mph)

                                      Heat  Cool        Avg
    Mean                              Deg   Deg         Wind                 Dom
Day Temp  High   Time   Low    Time   Days  Days  Rain  Speed High   Time    Dir
----------------------------------------------------------------------------------
01  29.0  34.1 12:00AM  20.2 11:58PM  36.0   0.0  0.00   4.3  19.0  4:40PM    NW
02  20.9  26.7  2:00PM  16.6  8:05AM  44.1   0.0  0.00   3.2  19.0 12:06AM    NW
03  23.6  31.6  3:06PM  18.4  8:24AM  41.4   0.0  0.00   3.3  15.0  5:41AM     W
04  34.5  50.4  4:16PM  22.5  1:11AM  30.4   0.0  0.00   7.3  37.0 11:47AM     S
05  28.2  37.4  3:02PM  19.9  7:47AM  36.7   0.0  0.00   2.7  23.0 12:15AM   NNW
06  36.5  45.6  4:10PM  24.5  6:00AM  28.5   0.0  0.00   1.7  14.0 11:15AM   SSE
07  29.2  42.9 12:53AM  20.6 11:59PM  35.8   0.0  0.00   5.3  24.0  4:43PM    NW
08  15.7  20.9  1:59PM  10.6  9:08PM  49.3   0.0  0.03   4.1  18.0 10:10AM   NNW
09  19.4  29.9 11:43PM  10.9  4:38AM  45.6   0.0  0.00   4.5  23.0 11:31PM    SE
10  43.3  63.9  3:22PM  28.1  3:45AM  21.7   0.0  0.02   3.2  17.0  9:18AM     S
11  45.7  56.4  3:56PM  38.0  1:56AM  19.3   0.0  0.00   3.7  17.0  1:01PM   NNE
12  39.4  49.2  2:21PM  27.4 11:36PM  25.6   0.0  0.00   3.9  23.0  6:35AM    NW
13  38.3  52.5  1:42PM  24.3  5:11AM  26.7   0.0  0.00   3.9  24.0 11:59AM   SSW
14  39.6  50.9  3:40PM  31.1  7:44AM  25.4   0.0  0.00   4.2  18.0  5:19PM    NW
15  39.3  53.5  4:33PM  29.0  7:21AM  25.7   0.0  0.00   2.9  17.0 12:02AM     W
16  47.9  69.7  3:49PM  33.1  3:24AM  17.6   0.5  0.00   2.3  11.0  8:59AM     S
17  53.0  74.7  3:18PM  35.5  7:09AM  13.4   1.3  0.00   3.9  23.0  2:19PM   SSW
18  50.5  66.5  3:18PM  31.9  7:04AM  14.6   0.1  0.00   1.6  11.0  2:58PM    NE
19  55.5  70.6  3:52PM  40.1  5:32AM  10.4   0.9  0.00   4.7  25.0 12:23PM   SSE
20  55.9  61.0  4:12PM  41.0 11:57PM   9.1   0.0  0.08   3.6  21.0 10:38AM   SSE
21  52.1  73.7  4:33PM  33.0  5:31AM  14.3   1.4  0.00   3.5  25.0  2:09PM     S
22  57.5  73.6  2:42PM  43.4  7:19AM   9.0   1.5  0.00   4.3  18.0  3:36PM     W
23  38.9  48.0 12:00AM  32.4 11:45PM  26.1   0.0  0.27   7.3  25.0  5:19PM   NNE
24  26.9  33.1  2:10AM  23.5 11:58PM  38.1   0.0  0.00   5.1  24.0  3:43PM   NNW
25  26.0  33.9  4:46PM  16.9  7:21AM  39.0   0.0  0.15   4.0  20.0  3:13PM   SSW
26  34.8  45.0  3:44PM  26.7  6:22AM  30.2   0.0  0.17   3.1  16.0  9:16AM    SW
27  38.9  54.8  3:14PM  22.9  5:13AM  26.1   0.0  0.00   3.2  24.0  3:12PM    SE
28  42.9  51.7  3:27AM  35.7 11:47PM  22.1   0.0  0.03   3.6  21.0  6:40PM   WNW
----------------------------------------------------------------------------------
    38.0  74.7    17    10.6     8   762.2   5.7  0.75   3.9  37.0     4     WSW

Max >=  80.0  0
Max <=  32.0  4
Min <=  32.0 19
Min <=   0.0  0
Max Rain: 0.27 on day 23
Days of Rain: 7 (>= 0.01 in)  7 (>= 0.01 in)  0 (>= 1.00 in)
Heat Base: 65.0  Cool Base: 65.0  Method: Integration