NOAA-Style Climate Reports

Select a Year or Month report
2017: Jan Feb Mar Apr May Jun Jul Aug Sep Oct Nov Dec
2016: Jan Feb Mar Apr May Jun Jul Aug Sep Oct Nov Dec
2015: Jan Feb Mar Apr May Jun Jul Aug Sep Oct Nov Dec

Report for 2017 January
                   Monthly Climatological Summary for Jan 2017

Name: Stoneybrook South   City: Omaha   State: NE
Elevation: 1153 ft  Lat: N 41 11 25   Lon: W 096 07 52

                  Temperature (°F), Rain (in), Wind Speed (mph)

                                      Heat  Cool        Avg
    Mean                              Deg   Deg         Wind                 Dom
Day Temp  High   Time   Low    Time   Days  Days  Rain  Speed High   Time    Dir
----------------------------------------------------------------------------------
01  29.2  38.1  3:18PM  18.8  4:31AM  35.8   0.0  0.00   3.1  14.0  1:32PM   ESE
02  35.6  37.9  3:13PM  31.6 11:59PM  29.4   0.0  0.02   3.4  23.0 11:57PM   NNE
03  17.7  31.6 12:00AM   8.6 11:56PM  47.3   0.0  0.00   7.3  28.0  9:48AM    NW
04   9.6  13.2  2:00PM   6.4  2:50AM  55.4   0.0  0.00   3.3  19.0  1:42AM    NW
05   7.9  11.9  1:48PM   2.3 11:55PM  57.1   0.0  0.00   3.2  17.0 12:51PM   WNW
06   5.9  17.6  3:37PM  -2.8  5:56AM  59.1   0.0  0.00   2.6  15.0  3:56PM   SSW
07  12.4  23.1  3:17PM   4.3 12:10AM  52.6   0.0  0.00   2.0  15.0  6:49AM   NNW
08  17.3  28.6  3:46PM   5.2 12:56AM  47.7   0.0  0.00   5.1  28.0 11:05AM    SE
09  23.9  33.0 11:20PM  15.2  3:40AM  41.1   0.0  0.00   4.5  25.0  2:56PM    SE
10  30.4  34.7  3:57PM  24.3 11:20AM  34.6   0.0  0.12   4.2  33.0  9:39AM     W
11  22.8  32.8  8:21AM  12.2 11:36PM  42.2   0.0  0.00   5.0  24.0 11:14AM     N
12  16.2  21.8  2:58PM  11.0  4:05AM  48.8   0.0  0.00   3.2  15.0  1:16AM    NW
13  19.7  26.9  4:24PM  13.7  8:15AM  45.3   0.0  0.00   3.5  13.0  4:05AM    NE
14  27.5  38.1  3:26PM  19.5  4:54AM  37.5   0.0  0.00   0.9   8.0 11:52AM   WNW
15  30.8  33.7 11:34AM  29.5  2:57AM  34.2   0.0  0.04   1.4  10.0 11:26AM   ESE
16  32.4  33.4  1:47PM  31.2 12:04AM  32.6   0.0  0.01   3.0  14.0 10:38PM     N
17  29.5  37.2  3:46PM  25.2  7:59AM  35.5   0.0  0.00   3.0  15.0 12:25AM     W
18  36.8  52.8  2:26PM  24.7  3:27AM  28.2   0.0  0.01   3.3  22.0  1:18PM   SSE
19  38.2  41.9  3:07PM  33.0  5:20AM  26.8   0.0  0.01   1.2  10.0  1:05AM   ESE
20  40.4  42.8  2:23PM  38.4  2:31AM  24.6   0.0  0.01   1.9  11.0  2:26PM     E
21  41.7  52.7  3:25PM  33.5 11:34PM  23.3   0.0  0.01   2.4  16.0  2:15PM   SSW
22  33.5  40.2  3:58PM  27.5 10:49PM  31.5   0.0  0.00   2.6  20.0  7:12AM    NW
23  32.5  37.5  3:29PM  29.0 12:24AM  32.5   0.0  0.00   2.6  12.0  8:36PM   ENE
24  31.8  36.0  3:12PM  29.2 12:21AM  33.2   0.0  0.00   6.0  27.0 11:55AM   ENE
25  28.4  31.7 12:21AM  22.7 11:12PM  36.6   0.0  0.03   4.6  27.0  2:40PM   WNW
26  24.5  29.4  3:34PM  20.2  9:02PM  40.5   0.0  0.01   4.9  19.0  4:32AM     W
27  26.6  37.6  3:14PM  11.4  7:27AM  38.4   0.0  0.01   5.6  23.0 11:44AM     W
28  33.4  37.9  2:45PM  27.8  4:16AM  31.6   0.0  0.03   5.3  21.0 10:18AM     W
29  36.7  42.5 11:52AM  29.2 11:57PM  28.3   0.0  0.00   3.0  17.0 12:48AM   WNW
30  38.9  57.3  2:06PM  26.4  3:07AM  26.1   0.0  0.00   4.2  26.0  3:06PM   WSW
31  38.0  42.4 12:43PM  34.1 11:54PM  27.0   0.0  0.00   3.3  14.0 12:20PM   WNW
----------------------------------------------------------------------------------
    27.4  57.3    30    -2.8     6  1164.8   0.0  0.31   3.5  33.0    10      NW

Max >=  80.0  0
Max <=  32.0 10
Min <=  32.0 27
Min <=   0.0  1
Max Rain: 0.12 on day 10
Days of Rain: 12 (>= 0.01 in)  12 (>= 0.01 in)  0 (>= 1.00 in)
Heat Base: 65.0  Cool Base: 65.0  Method: Integration