NOAA-Style Climate Reports

Select a Year or Month report
2017: Jan Feb Mar Apr May Jun Jul Aug Sep Oct Nov Dec
2016: Jan Feb Mar Apr May Jun Jul Aug Sep Oct Nov Dec
2015: Jan Feb Mar Apr May Jun Jul Aug Sep Oct Nov Dec

Report for 2016 December
                   Monthly Climatological Summary for Dec 2016

Name: Stoneybrook South   City: Omaha   State: NE
Elevation: 1142 ft  Lat: N 41 11 25   Lon: W 096 07 49

                  Temperature (°F), Rain (in), Wind Speed (mph)

                                      Heat  Cool        Avg
    Mean                              Deg   Deg         Wind                 Dom
Day Temp  High   Time   Low    Time   Days  Days  Rain  Speed High   Time    Dir
----------------------------------------------------------------------------------
01  34.3  38.4  2:54PM  31.5 12:17AM  30.7   0.0  0.00   2.6  15.0  3:22AM     W
02  33.9  44.0  2:58PM  26.4 11:58PM  31.1   0.0  0.00   0.8   9.0 11:13AM   WNW
03  29.7  34.0 11:44AM  23.3  6:00AM  35.3   0.0  0.02   0.7  12.0 11:43AM    SE
04  33.3  39.2  2:53PM  28.4 10:32PM  31.7   0.0  0.36   2.5  14.0 11:44AM   SSW
05  39.0  52.2  2:54PM  28.8 12:43AM  26.0   0.0  0.07   4.6  29.0  1:53PM   SSE
06  28.5  35.2  1:53PM  22.6  7:54AM  36.5   0.0  0.00   5.8  24.0  1:30PM   WNW
07  20.0  25.7  3:33PM  15.2 11:55PM  45.0   0.0  0.00   5.0  25.0  9:07PM   WNW
08  17.1  25.7  3:02PM  11.1  7:30AM  47.9   0.0  0.00   4.9  26.0  5:56AM   WNW
09  15.9  22.0 11:46PM   7.9  5:36AM  49.1   0.0  0.00   1.7   9.0  2:41AM   ESE
10  26.7  31.4 11:05PM  21.7 12:33AM  38.3   0.0  0.00   4.5  19.0  6:53PM   ESE
11  26.5  33.8  9:59AM  13.6 11:58PM  38.5   0.0  0.00   3.6  22.0 10:53AM    NW
12  19.3  36.8  3:45PM   8.7  4:51AM  45.7   0.0  0.00   3.9  22.0  8:25PM   SSW
13  14.4  24.4  3:01PM   6.8  6:08AM  50.6   0.0  0.00   3.0  18.0  4:30AM    NW
14  17.5  25.6  1:56PM  10.0 10:10PM  47.5   0.0  0.00   2.9  27.0 12:50PM   WNW
15  13.2  19.0  6:50PM   6.5  6:12AM  51.8   0.0  0.00   3.7  16.0 10:04PM   ESE
16  22.4  24.9  3:57PM  18.1 12:00AM  42.6   0.0  0.00   4.1  15.0 12:55AM   ENE
17   6.7  21.0 12:00AM  -5.5 11:56PM  58.4   0.0  0.00   6.1  25.0  1:25PM    NW
18   0.7  12.3  3:24PM -11.3  7:56AM  64.2   0.0  0.00   3.8  17.0  2:05PM     S
19  17.5  31.7  2:49PM   3.5  3:21AM  47.2   0.0  0.00   6.4  26.0  9:28PM     S
20  30.5  44.8  2:32PM  22.8  7:33AM  34.5   0.0  0.00   2.8  20.0  1:00AM     S
21  36.9  51.7  2:25PM  28.0 12:08AM  28.0   0.0  0.00   4.7  24.0  1:10PM     W
22  31.5  44.3  2:25PM  18.8  7:55AM  33.5   0.0  0.00   2.2  10.0  1:00PM   SSW
23  34.1  38.1  1:41PM  26.9 11:49PM  30.9   0.0  0.18   3.9  19.0  5:44AM   SSE
24  28.0  33.5  8:44PM  19.9  8:09AM  37.0   0.0  0.00   2.0  16.0  9:26PM     E
25  42.3  53.4  3:58PM  33.0 12:00AM  22.7   0.0  0.47   7.6  33.0 10:34PM    SE
26  31.4  38.9 12:00AM  25.3  8:05AM  33.6   0.0  0.00   7.4  28.0 12:21AM   WSW
27  34.5  49.2  2:23PM  22.1  8:17AM  30.5   0.0  0.00   4.1  21.0  2:03PM   SSW
28  37.9  48.3  3:53PM  28.7  5:42AM  27.1   0.0  0.00   4.4  24.0  8:38PM   WSW
29  36.6  43.9  3:00PM  30.1 10:35PM  28.4   0.0  0.00   7.4  30.0 10:42AM     W
30  34.0  48.3  3:05PM  19.5  5:55AM  31.0   0.0  0.00   3.9  24.0  3:45PM     S
31  29.0  35.1 12:00AM  20.3 11:47PM  36.0   0.0  0.00   3.4  22.0  8:29AM    NW
----------------------------------------------------------------------------------
    26.6  53.4    25   -11.3    18  1191.3   0.0  1.10   4.0  33.0    25      SW

Max >=  80.0  0
Max <=  32.0 11
Min <=  32.0 30
Min <=   0.0  2
Max Rain: 0.47 on day 25
Days of Rain: 5 (>= 0.01 in)  5 (>= 0.01 in)  0 (>= 1.00 in)
Heat Base: 65.0  Cool Base: 65.0  Method: Integration