NOAA-Style Climate Reports

Select a Year or Month report
2017: Jan Feb Mar Apr May Jun Jul Aug Sep Oct Nov Dec
2016: Jan Feb Mar Apr May Jun Jul Aug Sep Oct Nov Dec
2015: Jan Feb Mar Apr May Jun Jul Aug Sep Oct Nov Dec

Report for 2016 July
                   Monthly Climatological Summary for Jul 2016

Name: Stonybrook South   City: Omaha   State: NE
Elevation: 1142 ft  Lat: N 41° 11' 25"   Lon: W 096° 07' 52"

                  Temperature (°F), Rain (in), Wind Speed (mph)

                                      Heat  Cool        Avg
    Mean                              Deg   Deg         Wind                 Dom
Day Temp  High   Time   Low    Time   Days  Days  Rain  Speed High   Time    Dir
----------------------------------------------------------------------------------
 1  77.5  96.1   2:25p  56.5   6:20a   0.3  17.3  0.00   2.7  11.4   3:40p   ENE
 2  62.7  70.9  12:00a  59.4   8:13a   2.8   0.5  0.00   3.6  11.4   6:40a   ENE
 3  65.3  74.1   2:48p  59.9   5:05a   1.7   2.1  0.00   3.3  11.9   8:53a   ENE
 4  72.7  87.4   4:06p  63.3   5:17a   0.3   8.1  0.00   2.3   8.9  11:24a     S
 5  83.2 100.9   6:36p  68.4   6:02a   0.0  18.1  0.00   3.3  17.0  11:16p    SE
 6  76.4 102.0   3:06p  59.9   5:05a   1.7  19.4  0.00   2.8  11.9   8:53a   ENE
 7  78.0  97.9   3:31p  65.1   5:03a   0.0  13.0  0.00   3.3  22.8   1:19a     S
 8  81.7 101.1   3:44p  62.8   5:54a   0.1  16.8  0.00   1.4   7.4   4:42p   NNW
 9  81.1  93.6   3:24p  70.3   5:43a   0.0  16.1  0.00   3.7  13.0   2:18p   ESE
10  83.8  95.4  11:30a  73.4   5:32a   0.0  18.8  0.00   5.8  24.8   7:03p    SE
11  83.7  95.0   2:23p  63.3  11:56p   0.0  18.7  0.00   7.5  23.7  12:12p   SSE
12  79.2  99.9  12:52p  63.3  12:00a   0.1  14.3  0.00   2.8  16.1  12:46a     S
13  79.7  98.8   3:27p  67.6  11:56p   0.0  14.7  0.00   2.5  11.9   3:28p   SSE
14  79.6  96.6   2:12p  64.2   2:40a   0.0  14.4  0.00   1.9  13.0   8:26a   WNW
15  67.4  77.9   6:06p  60.3   6:17a   0.9   3.3  0.00   2.4  11.9   1:20a    NE
16  75.8  92.5  12:45p  58.1   2:39a   1.8  12.6  0.00   4.1  17.0   3:31p    SE
17  83.0 101.1  12:10p  73.8   6:36a   0.0  18.0  0.00   2.5  14.5   1:13a    SE
18  77.7  91.4   3:30p  67.6   5:35a   0.0  12.7  0.00   3.7  14.5   7:41a   ESE
19  78.4  89.2   3:46p  71.6   4:17a   0.0  13.4  0.00   3.0   9.8   9:52p   ESE
20  86.6 100.0   3:30p  74.8   6:07a   0.0  21.6  0.00   5.6  17.7   1:48p   SSE
21  89.2 102.2   5:06p  78.1   4:53a   0.0  24.2  0.00   4.8  18.1  10:25a     S
22  89.2 100.2   3:06p  76.8   6:54a   0.0  24.2  0.00   3.5  13.4   2:05p    SE
23  86.3  97.0   2:12p  79.9   7:12a   0.0  21.3  0.00   4.4  16.6   8:05a   SSE
24  82.2  90.5  10:45a  72.7  11:52p   0.0  17.2  0.00   2.6  14.1   8:25a   NNE
25  81.2 100.4   4:03p  65.1   5:42a   0.0  16.2  0.00   1.9   9.8   6:11p   ENE
26  79.9  96.4   2:23p  64.2   5:52a   0.0  14.9  0.00   1.9  11.0  10:56a   ESE
27  81.2  99.1   3:29p  68.4   6:10a   0.0  16.2  0.00   2.1  13.0  11:40a   SSW
28  79.4  92.1   3:33p  69.6   3:32a   0.0  14.4  0.00   2.8  11.9   1:59p   NNE
29  76.1  90.5   2:34p  67.1   6:42a   0.0  11.1  0.00   2.5  10.3  12:43p   NNE
30  72.8  87.8   3:02p  60.3   5:53a   0.9   8.6  0.00   1.9  10.3   3:11p    SE
31  75.6  90.1   3:52p  67.5   5:53a   0.0  10.6  0.00   3.1  20.1  10:28a   ESE
----------------------------------------------------------------------------------
    78.9 102.2    21    56.5     1    10.6 452.8  0.00   3.2  24.8    10      SE

Max >=  80.0: 28
Max <=  32.0:  0
Min <=  32.0:  0
Min <=   0.0:  0
Max Rain: 0.00 on day 0
Days of Rain: 0 (>= 0.01 in)  0 (>= 0.10 in)  0 (>= 1.00 in)
Heat Base: 65.0  Cool Base: 65.0  Method: Integration