NOAA-Style Climate Reports

Select a Year or Month report
2017: Jan Feb Mar Apr May Jun Jul Aug Sep Oct Nov Dec
2016: Jan Feb Mar Apr May Jun Jul Aug Sep Oct Nov Dec
2015: Jan Feb Mar Apr May Jun Jul Aug Sep Oct Nov Dec

Report for 2016 April
                   Monthly Climatological Summary for Apr 2016

Name: Stonybrook South   City: Omaha   State: NE
Elevation: 1142 ft  Lat: N 41° 11' 25"   Lon: W 096° 07' 52"

                  Temperature (°F), Rain (in), Wind Speed (mph)

                                      Heat  Cool        Avg
    Mean                              Deg   Deg         Wind                 Dom
Day Temp  High   Time   Low    Time   Days  Days  Rain  Speed High   Time    Dir
----------------------------------------------------------------------------------
 1  40.1  48.0   4:14p  31.5  11:53p  24.9   0.0  0.04   6.5  21.7   4:01a     W
 2  46.0  60.8   5:29p  31.5  12:00a  19.0   0.0  0.00   5.5  21.7  12:32p     W
 3  63.3  84.9   3:35p  42.4   1:18a   7.4   5.7  0.00   7.1  23.7   1:54p    SW
 4  51.8  63.5   4:26p  38.7   7:06a  13.2   0.0  0.00   4.4  13.0   1:01p     N
 5  54.5  74.7   4:23p  40.6   6:18a  11.6   1.1  0.00   7.1  27.3  11:45a   ESE
 6  50.3  61.3   5:49p  43.2  11:19p  14.7   0.0  0.00   7.5  26.4   9:20a     W
 7  48.4  59.0  11:40a  35.4   3:08a  16.6   0.0  0.00   7.7  30.4  11:41a   WNW
 8  44.5  56.8   2:54p  32.2   6:36a  20.5   0.0  0.00   6.1  21.7   3:19p   WNW
 9  42.4  59.4   5:32p  24.3   6:07a  22.5   0.0  0.00   7.2  23.3   4:34p   ESE
10  58.9  72.3   3:56p  50.2  12:00a   6.7   0.6  0.00   5.8  20.1   1:43p   WSW
11  45.0  55.9   4:12p  33.4   7:01a  20.0   0.0  0.00   5.2  20.6   2:46p    NW
12  48.7  68.5   5:03p  27.9   3:45a  16.6   0.3  0.00   5.5  22.1   3:26p   SSE
13  61.3  79.3   4:15p  43.9   5:26a   7.5   3.8  0.00   6.4  20.1   2:35p   SSE
14  63.4  77.7   4:29p  47.8   7:00a   5.0   3.4  0.00   6.2  19.7  12:56p   SSE
15  64.8  78.4   3:49p  49.5   6:32a   4.4   4.2  0.00   7.3  24.4  12:12p    SE
16  65.6  75.6   2:51p  57.9   7:04a   2.2   2.8  0.00   5.9  20.6   3:14p    SE
17  66.7  74.7  12:25p  60.1   7:30a   1.5   3.2  0.10   5.7  20.6   4:29p    SE
18  57.0  60.4  12:00a  50.5  12:24p   8.0   0.0  0.41   3.0  13.4  10:22a    SW
19  55.9  68.5   4:56p  45.7   7:05a   9.2   0.1  0.00   2.6  10.3   2:16a   WNW
20  53.8  61.3   5:15p  50.2  10:01a  11.2   0.0  2.74   6.2  22.1   4:40p   WSW
21  57.4  71.4   4:30p  50.5  12:00a   8.2   0.6  0.09   4.9  16.6  11:52a   WNW
22  59.8  76.1   1:54p  43.9   6:40a   7.4   2.3  0.00   2.8  11.9   2:04a   NNW
23  64.7  81.5   4:15p  47.1   3:25a   5.6   5.3  0.00   6.6  25.3   4:19p    SE
24  67.7  82.9   3:20p  57.7  11:59p   1.6   4.3  0.20   8.1  29.5   8:03p   SSE
25  64.0  80.2   4:34p  50.7   6:15a   4.6   3.6  0.00   4.3  14.1   8:47a    SW
26  61.3  77.4   3:42p  51.6   8:06a   5.8   2.0  0.17   5.9  18.6   1:39p    NE
27  53.1  65.3   1:42p  44.2  11:30p  11.9   0.0  1.62   5.4  21.3   5:39a     E
28  47.4  52.7   2:59p  44.4  12:00a  17.5   0.0  0.02   3.5  13.0   6:40a     W
29  46.1  48.6  11:34a  43.5   6:30a  18.9   0.0  0.00   5.0  18.6  10:58p    NE
30  46.8  50.2   4:46p  43.9   6:47a  18.2   0.0  1.15   6.5  19.7   2:08a    NE
----------------------------------------------------------------------------------
    55.0  84.9     3    24.3     9   342.4  43.3  6.54   5.7  30.4     7     SSW

Max >=  80.0:  4
Max <=  32.0:  0
Min <=  32.0:  4
Min <=   0.0:  0
Max Rain: 2.74 on day 20
Days of Rain: 10 (>= 0.01 in)  7 (>= 0.10 in)  3 (>= 1.00 in)
Heat Base: 65.0  Cool Base: 65.0  Method: Integration