NOAA-Style Climate Reports

Select a Year or Month report
2017: Jan Feb Mar Apr May Jun Jul Aug Sep Oct Nov Dec
2016: Jan Feb Mar Apr May Jun Jul Aug Sep Oct Nov Dec
2015: Jan Feb Mar Apr May Jun Jul Aug Sep Oct Nov Dec

Report for 2016 March
                   Monthly Climatological Summary for Mar 2016

Name: Stonybrook South   City: Omaha   State: NE
Elevation: 1142 ft  Lat: N 41° 11' 25"   Lon: W 096° 07' 52"

                  Temperature (°F), Rain (in), Wind Speed (mph)

                                      Heat  Cool        Avg
    Mean                              Deg   Deg         Wind                 Dom
Day Temp  High   Time   Low    Time   Days  Days  Rain  Speed High   Time    Dir
----------------------------------------------------------------------------------
 1  25.7  32.9   3:10p  18.9  11:38p  39.3   0.0  0.00   5.3  19.7   1:14a    NW
 2  34.5  50.0   5:07p  18.3   1:33a  30.5   0.0  0.00   6.4  18.6  11:16a     E
 3  34.1  43.9   1:44p  25.5  11:43p  30.9   0.0  0.00   3.6  15.0   2:37p   NNW
 4  40.0  61.3   4:45p  24.8   1:32a  25.0   0.0  0.00   3.5  18.1   2:11p   SSE
 5  47.0  62.6   3:13p  32.7   2:54a  18.0   0.0  0.00   3.5  12.5  10:15p     E
 6  58.8  75.6   3:11p  45.3   7:01a   8.1   1.9  0.00   9.0  26.8   2:04p   SSE
 7  64.8  79.0   2:45p  52.2   5:14a   3.9   3.7  0.00   8.7  27.3  12:21p   SSE
 8  59.3  67.8  12:50p  45.0  11:54p   6.0   0.2  0.00   6.6  21.3  12:14a    SW
 9  48.4  64.9   3:57p  32.4   6:52a  16.6   0.0  0.00   2.4   9.4  12:11a     W
10  53.4  72.0   3:49p  34.9   4:28a  12.5   0.9  0.00   2.2   9.8   8:55p    NE
11  57.6  73.9   2:45p  39.7   6:52a   9.2   1.7  0.00   4.8  21.7  12:25p   SSE
12  49.6  53.1   4:50p  41.0   4:58a  15.4   0.0  0.17   3.1   9.4  12:29a   ESE
13  56.3  65.7   6:04p  52.0  11:53p   8.3   0.0  0.00   2.9   9.8   1:28p   SSE
14  61.8  81.5   3:42p  43.9   7:50a   6.7   3.5  0.08   3.0  26.4  11:41p     S
15  51.2  57.9   3:24p  46.4   5:55a  13.8   0.0  0.32   4.8  22.8   9:32p   WNW
16  47.9  60.4   2:03p  36.0   7:29a  17.1   0.0  0.00   6.1  19.2   2:17p   WSW
17  45.2  59.5   2:34p  29.8   7:15a  19.8   0.0  0.00   4.3  17.0  12:08p     W
18  37.6  48.7   4:02p  29.7   7:47a  27.4   0.0  0.00   5.3  17.7   5:34p   WNW
19  33.1  43.7   3:21p  26.1   3:36a  31.9   0.0  0.00   5.1  17.7   4:27p   WNW
20  36.7  50.7   4:47p  25.7   7:42a  28.3   0.0  0.00   3.3  13.0   4:45a     W
21  47.7  68.0   5:09p  26.2   4:17a  17.6   0.2  0.00   6.9  23.7   1:39p   SSE
22  59.7  70.2   4:11p  53.1   7:05a   5.6   0.4  0.00   5.9  19.2   2:48a   SSE
23  47.7  58.8  12:00a  33.8  11:55p  17.3   0.0  0.17  10.6  31.5   5:39p    NE
24  35.5  48.0   3:50p  25.0  11:56p  29.5   0.0  0.00   7.3  26.8   4:37a    NW
25  41.2  59.5   3:38p  23.0   3:14a  23.8   0.0  0.00   5.1  17.7   4:57p    SE
26  41.1  48.2  12:00a  32.5  10:23p  23.9   0.0  0.57   5.2  18.1   5:00p    SW
27  39.8  53.2   4:58p  30.2   7:44a  25.2   0.0  0.00   4.5  14.1   2:53p     W
28  52.2  70.5   2:48p  28.8   3:00a  14.4   1.7  0.00   6.3  17.7   3:09p   SSE
29  58.2  69.1  12:00a  43.7   5:07a   7.4   0.6  0.00   9.7  25.9   1:20p    SE
30  61.2  81.0   4:06p  49.1  11:48p   5.4   1.6  0.12   7.7  21.7   9:29p   SSE
31  46.8  60.6   1:26p  41.5  11:35p  18.2   0.0  0.03   6.3  20.1   3:12p     W
----------------------------------------------------------------------------------
    47.6  81.5    14    18.3     2   557.0  16.4  1.46   5.5  31.5    23       S

Max >=  80.0:  2
Max <=  32.0:  0
Min <=  32.0: 13
Min <=   0.0:  0
Max Rain: 0.57 on day 26
Days of Rain: 7 (>= 0.01 in)  5 (>= 0.10 in)  0 (>= 1.00 in)
Heat Base: 65.0  Cool Base: 65.0  Method: Integration