NOAA-Style Climate Reports

Select a Year or Month report
2017: Jan Feb Mar Apr May Jun Jul Aug Sep Oct Nov Dec
2016: Jan Feb Mar Apr May Jun Jul Aug Sep Oct Nov Dec
2015: Jan Feb Mar Apr May Jun Jul Aug Sep Oct Nov Dec

Report for 2015 June
                   Monthly Climatological Summary for Jun 2015

Name: Stonybrook South   City: Omaha   State: NE
Elevation: 1142 ft  Lat: N 41° 11' 25"   Lon: W 096° 07' 52"

                  Temperature (°F), Rain (in), Wind Speed (mph)

                                      Heat  Cool        Avg
    Mean                              Deg   Deg         Wind                 Dom
Day Temp  High   Time   Low    Time   Days  Days  Rain  Speed High   Time    Dir
----------------------------------------------------------------------------------
 1  66.9  77.5   2:10p  53.6   5:50a   0.0   1.9  0.00   3.7  14.0   3:50p    SE
 2  65.6  75.9   6:00p  55.6   5:10a   0.0   0.6  0.00   6.0  17.6  10:40a    SE
 3  71.8  86.9   7:00p  62.8   9:10a   0.0   6.8  0.34   3.2  15.0   4:00a   SSE
 4  69.4  80.6   4:00p  65.5   7:40a   0.0   4.4  0.15   2.5  14.0   6:20p    SE
 5  75.8  88.0   6:40p  62.1   6:40a   0.0  10.8  0.00   1.7   8.9   2:00p     S
 6  74.8  86.4   4:40p  67.6  11:00a   0.0   9.8  0.04   4.5  19.7   3:40p    SE
 7  77.9  89.8  10:30a  65.7  11:50p   0.0  12.9  0.11   3.6  15.6  12:20a     S
 8  77.7  93.6   7:10p  59.9   6:30a   0.0  12.7  0.00   2.5  14.5   3:40p   SSW
 9  83.3 100.0   4:00p  61.5   5:00a   0.0  18.3  0.00   3.4  14.5  12:30p   SSW
10  83.3  97.5   5:20p  68.0   6:10a   0.0  18.3  0.15   2.9  16.6  11:40p   ESE
11  66.2  70.5   2:20p  62.1   4:20a   0.0   1.2  1.40   4.1  16.1   1:30a    SE
12  64.9  71.2   3:40p  60.8   5:50a   0.1   0.0  0.00   2.5  14.0  12:10a    SE
13  71.8  81.9   7:00p  62.2   6:20a   0.0   6.8  0.00   2.2  12.5   4:20p   SSE
14  76.0  88.5   4:30p  64.9   5:00a   0.0  11.0  0.68   2.1  14.5  10:10p    SE
15  69.5  79.5   3:30p  62.4  11:50p   0.0   4.5  0.68   3.3  15.0   2:30p   ESE
16  72.2  84.9   2:00p  55.9   2:40a   0.0   7.2  0.00   2.5  11.4   3:50p   ESE
17  78.0  91.8   4:00p  65.7   2:20a   0.0  13.0  0.00   2.5   9.4   3:00p     S
18  70.0  75.4   6:30p  63.9  11:50p   0.0   5.0  0.19   3.5  15.0  10:10a   ENE
19  75.1  87.6   4:00p  58.5   4:50a   0.0  10.1  0.00   3.2  12.5   7:30p    SE
20  82.1  93.6   1:40p  71.1   4:30a   0.0  17.1  0.00   4.4  15.6   5:00a   SSE
21  78.2  91.6   3:50p  65.5   5:20a   0.0  13.2  0.00   2.8  15.0   5:10p   ESE
22  82.9  96.8   3:00p  70.7  11:50p   0.0  17.9  0.00   5.2  18.1   6:30p     S
23  74.0  85.6   1:20p  59.7   5:30a   0.0   9.0  0.00   2.4  13.0   4:30p   ESE
24  76.8  95.4   7:50p  64.0   4:50a   0.0  11.8  1.05   4.0  15.0   9:30p     E
25  75.6  85.6   4:10p  69.3   5:40a   0.0  10.6  0.01   3.6  12.0   7:10p     E
26  75.4  86.4   5:00p  65.7  11:50p   0.0  10.4  0.00   2.9  13.5   1:30p   ESE
27  77.0  90.5   2:20p  60.4   5:40a   0.0  12.0  0.00   1.4   9.9   2:20p     S
28  79.2  90.5   4:00p  67.3   2:30a   0.0  14.2  0.00   4.3  18.1   5:30p    SW
29  77.2  90.0   3:30p  62.1   6:20a   0.0  12.2  0.00   1.9  10.9   2:20p    SW
30  72.8  80.4   3:20p  63.3   5:30a   0.0   7.8  0.03   1.4  10.9  12:20p     E
----------------------------------------------------------------------------------
    74.7 100.0     9    53.6     1     0.1 291.5  4.83   3.1  19.7     6      SE

Max >=  80.0: 24
Max <=  32.0:  0
Min <=  32.0:  0
Min <=   0.0:  0
Max Rain: 1.40 on day 11
Days of Rain: 12 (>= 0.01 in)  9 (>= 0.10 in)  2 (>= 1.00 in)
Heat Base: 65.0  Cool Base: 65.0  Method: Integration